Last updated on 2024-06-26 18:58:53 CEST.
Flavor | Version | Tinstall | Tcheck | Ttotal | Status | Flags |
---|---|---|---|---|---|---|
r-devel-linux-x86_64-debian-clang | 1.0.0 | OK | ||||
r-devel-linux-x86_64-debian-gcc | 1.0.0 | 60.43 | 66.25 | 126.68 | OK | |
r-devel-linux-x86_64-fedora-clang | 1.0.0 | 234.27 | OK | |||
r-devel-linux-x86_64-fedora-gcc | 1.0.0 | 242.04 | OK | |||
r-devel-windows-x86_64 | 1.0.0 | 60.00 | 116.00 | 176.00 | OK | |
r-patched-linux-x86_64 | 1.0.0 | 68.28 | 87.83 | 156.11 | OK | |
r-release-linux-x86_64 | 1.0.0 | 65.79 | 88.47 | 154.26 | OK | |
r-release-macos-arm64 | 1.0.0 | 63.00 | NOTE | |||
r-release-macos-x86_64 | 1.0.0 | 83.00 | NOTE | |||
r-release-windows-x86_64 | 1.0.0 | 63.00 | 119.00 | 182.00 | OK | |
r-oldrel-macos-arm64 | 1.0.0 | 49.00 | NOTE | |||
r-oldrel-macos-x86_64 | 1.0.0 | 75.00 | NOTE | |||
r-oldrel-windows-x86_64 | 1.0.0 | 75.00 | 142.00 | 217.00 | OK |
Version: 1.0.0
Check: installed package size
Result: NOTE
installed size is 8.0Mb
sub-directories of 1Mb or more:
libs 7.4Mb
Flavors: r-release-macos-arm64, r-release-macos-x86_64, r-oldrel-macos-arm64, r-oldrel-macos-x86_64