Last updated on 2025-11-04 05:51:27 CET.
| Flavor | Version | Tinstall | Tcheck | Ttotal | Status | Flags | 
|---|---|---|---|---|---|---|
| r-devel-linux-x86_64-debian-clang | 1.1.0 | 12.05 | 109.90 | 121.95 | NOTE | |
| r-devel-linux-x86_64-debian-gcc | 1.1.0 | 7.72 | 77.23 | 84.95 | NOTE | |
| r-devel-linux-x86_64-fedora-clang | 1.1.0 | 29.00 | 150.10 | 179.10 | OK | |
| r-devel-linux-x86_64-fedora-gcc | 1.1.0 | 30.00 | 143.67 | 173.67 | OK | |
| r-devel-windows-x86_64 | 1.1.0 | 14.00 | 106.00 | 120.00 | OK | |
| r-patched-linux-x86_64 | 1.1.0 | 12.81 | 101.00 | 113.81 | OK | |
| r-release-linux-x86_64 | 1.1.0 | 11.32 | 101.16 | 112.48 | OK | |
| r-release-macos-arm64 | 1.1.0 | 5.00 | 39.00 | 44.00 | OK | |
| r-release-macos-x86_64 | 1.1.0 | 9.00 | 82.00 | 91.00 | OK | |
| r-release-windows-x86_64 | 1.1.0 | 14.00 | 107.00 | 121.00 | OK | |
| r-oldrel-macos-arm64 | 1.1.0 | 5.00 | 40.00 | 45.00 | OK | |
| r-oldrel-macos-x86_64 | 1.1.0 | 8.00 | 71.00 | 79.00 | OK | |
| r-oldrel-windows-x86_64 | 1.1.0 | 19.00 | 138.00 | 157.00 | OK | 
Version: 1.1.0
Check: CRAN incoming feasibility
Result: NOTE
  Maintainer: ‘Rong Huang <roh019@ucsd.edu>’
  
  No Authors@R field in DESCRIPTION.
  Please add one, modifying
    Authors@R: c(person(given = "Rong",
                        family = "Huang",
                        role = c("aut", "cre"),
                        email = "roh019@ucsd.edu"),
                 person(given = "Ronghui",
                        family = "Xu",
                        role = "aut",
                        comment = "Lily"))
  as necessary.
Flavors: r-devel-linux-x86_64-debian-clang, r-devel-linux-x86_64-debian-gcc