Last updated on 2025-11-24 11:50:21 CET.
| Flavor | Version | Tinstall | Tcheck | Ttotal | Status | Flags |
|---|---|---|---|---|---|---|
| r-devel-linux-x86_64-debian-clang | 0.9-54 | 4.45 | 43.40 | 47.85 | NOTE | |
| r-devel-linux-x86_64-debian-gcc | 0.9-54 | 4.97 | 41.49 | 46.46 | NOTE | |
| r-devel-linux-x86_64-fedora-clang | 0.9-54 | 12.00 | 59.82 | 71.82 | OK | |
| r-devel-linux-x86_64-fedora-gcc | 0.9-54 | 11.00 | 60.28 | 71.28 | OK | |
| r-devel-windows-x86_64 | 0.9-54 | 7.00 | 51.00 | 58.00 | OK | |
| r-patched-linux-x86_64 | 0.9-54 | 4.77 | 36.73 | 41.50 | OK | |
| r-release-linux-x86_64 | 0.9-54 | 4.59 | 36.77 | 41.36 | OK | |
| r-release-macos-arm64 | 0.9-54 | OK | ||||
| r-release-macos-x86_64 | 0.9-54 | 4.00 | 40.00 | 44.00 | OK | |
| r-release-windows-x86_64 | 0.9-54 | 6.00 | 61.00 | 67.00 | OK | |
| r-oldrel-macos-arm64 | 0.9-54 | OK | ||||
| r-oldrel-macos-x86_64 | 0.9-54 | 5.00 | 32.00 | 37.00 | OK | |
| r-oldrel-windows-x86_64 | 0.9-54 | 5.00 | 61.00 | 66.00 | OK |
Version: 0.9-54
Check: CRAN incoming feasibility
Result: NOTE
Maintainer: ‘Philippe Grosjean <phgrosjean@sciviews.org>’
Package CITATION file contains call(s) to old-style personList() or
as.personList(). Please use c() on person objects instead.
Package CITATION file contains call(s) to old-style citEntry(). Please
use bibentry() instead.
Found the following \keyword or \concept entries
which likely give several index terms:
File ‘createSyntaxFile.Rd’:
\concept{ Syntax highlighting, code coloring }
File ‘guiDDEInstall.Rd’:
\concept{ Interprocess DDE communication, call tip [TRUNCATED]
File ‘svIDE-package.Rd’:
\concept{ GUI API IDE and code editor, language sy [TRUNCATED]
Flavors: r-devel-linux-x86_64-debian-clang, r-devel-linux-x86_64-debian-gcc