CRAN Package Check Results for Package swagger

Last updated on 2025-07-13 00:48:42 CEST.

Flavor Version Tinstall Tcheck Ttotal Status Flags
r-devel-linux-x86_64-debian-clang 5.17.14.1 1.70 18.56 20.26 OK
r-devel-linux-x86_64-debian-gcc 5.17.14.1 1.46 15.79 17.25 OK
r-devel-linux-x86_64-fedora-clang 5.17.14.1 31.21 OK
r-devel-linux-x86_64-fedora-gcc 5.17.14.1 28.55 OK
r-devel-windows-x86_64 5.17.14.1 4.00 40.00 44.00 OK
r-patched-linux-x86_64 5.17.14.1 1.77 17.66 19.43 OK
r-release-linux-x86_64 5.17.14.1 1.67 17.72 19.39 OK
r-release-macos-arm64 5.17.14.1 25.00 OK
r-release-macos-x86_64 5.17.14.1 26.00 OK
r-release-windows-x86_64 5.17.14.1 4.00 42.00 46.00 OK
r-oldrel-macos-arm64 5.17.14.1 19.00 NOTE
r-oldrel-macos-x86_64 5.17.14.1 54.00 NOTE
r-oldrel-windows-x86_64 5.17.14.1 4.00 44.00 48.00 NOTE

Check Details

Version: 5.17.14.1
Check: installed package size
Result: NOTE installed size is 6.2Mb sub-directories of 1Mb or more: dist3 2.0Mb dist4 1.7Mb dist5 2.1Mb Flavors: r-oldrel-macos-arm64, r-oldrel-macos-x86_64, r-oldrel-windows-x86_64

mirror server hosted at Truenetwork, Russian Federation.