CRAN Package Check Results for Package sylly.en

Last updated on 2025-11-24 11:50:21 CET.

Flavor Version Tinstall Tcheck Ttotal Status Flags
r-devel-linux-x86_64-debian-clang 0.1-3 2.16 28.05 30.21 NOTE
r-devel-linux-x86_64-debian-gcc 0.1-3 1.60 22.56 24.16 NOTE
r-devel-linux-x86_64-fedora-clang 0.1-3 45.25 NOTE
r-devel-linux-x86_64-fedora-gcc 0.1-3 40.90 NOTE
r-devel-windows-x86_64 0.1-3 6.00 43.00 49.00 NOTE
r-patched-linux-x86_64 0.1-3 2.00 24.99 26.99 NOTE
r-release-linux-x86_64 0.1-3 1.75 25.10 26.85 NOTE
r-release-macos-arm64 0.1-3 NOTE
r-release-macos-x86_64 0.1-3 2.00 27.00 29.00 NOTE
r-release-windows-x86_64 0.1-3 4.00 57.00 61.00 NOTE
r-oldrel-macos-arm64 0.1-3 NOTE
r-oldrel-macos-x86_64 0.1-3 2.00 24.00 26.00 NOTE
r-oldrel-windows-x86_64 0.1-3 6.00 50.00 56.00 NOTE

Check Details

Version: 0.1-3
Check: Rd files
Result: NOTE checkRd: (-1) hyph.support.en.Rd:19: Lost braces in \itemize; meant \describe ? checkRd: (-1) hyph.support.en.Rd:20: Lost braces in \itemize; meant \describe ? Flavors: r-devel-linux-x86_64-debian-clang, r-devel-linux-x86_64-debian-gcc, r-devel-linux-x86_64-fedora-clang, r-devel-linux-x86_64-fedora-gcc, r-devel-windows-x86_64, r-patched-linux-x86_64, r-release-linux-x86_64, r-release-macos-arm64, r-release-macos-x86_64, r-release-windows-x86_64, r-oldrel-macos-arm64, r-oldrel-macos-x86_64, r-oldrel-windows-x86_64

mirror server hosted at Truenetwork, Russian Federation.