Last updated on 2025-11-03 17:50:05 CET.
| Flavor | Version | Tinstall | Tcheck | Ttotal | Status | Flags |
|---|---|---|---|---|---|---|
| r-devel-linux-x86_64-debian-clang | 0.2.10 | 390.63 | 59.93 | 450.56 | OK | |
| r-devel-linux-x86_64-debian-gcc | 0.2.10 | 362.01 | 43.61 | 405.62 | OK | |
| r-devel-linux-x86_64-fedora-clang | 0.2.10 | 780.00 | 141.56 | 921.56 | OK | |
| r-devel-linux-x86_64-fedora-gcc | 0.2.10 | 1200.00 | -60.55 | 1139.45 | OK | |
| r-devel-windows-x86_64 | 0.2.10 | 518.00 | 142.00 | 660.00 | OK | |
| r-patched-linux-x86_64 | 0.2.10 | 508.03 | 57.51 | 565.54 | OK | |
| r-release-linux-x86_64 | 0.2.10 | 506.89 | 57.45 | 564.34 | OK | |
| r-release-macos-arm64 | 0.2.10 | 190.00 | 53.00 | 243.00 | OK | |
| r-release-macos-x86_64 | 0.2.10 | 206.00 | 91.00 | 297.00 | OK | |
| r-release-windows-x86_64 | 0.2.10 | 530.00 | 148.00 | 678.00 | OK | |
| r-oldrel-macos-arm64 | 0.2.10 | 222.00 | 80.00 | 302.00 | NOTE | |
| r-oldrel-macos-x86_64 | 0.2.10 | 202.00 | 100.00 | 302.00 | NOTE | |
| r-oldrel-windows-x86_64 | 0.2.10 | 542.00 | 180.00 | 722.00 | NOTE |
Version: 0.2.10
Check: installed package size
Result: NOTE
installed size is 45.5Mb
sub-directories of 1Mb or more:
libs 44.9Mb
Flavors: r-oldrel-macos-arm64, r-oldrel-macos-x86_64, r-oldrel-windows-x86_64
Version: 0.2.10
Check: for GNU extensions in Makefiles
Result: NOTE
GNU make is a SystemRequirements.
Flavors: r-oldrel-macos-arm64, r-oldrel-macos-x86_64