CRAN Package Check Results for Package syslognet

Last updated on 2025-11-03 11:49:54 CET.

Flavor Version Tinstall Tcheck Ttotal Status Flags
r-devel-linux-x86_64-debian-clang 0.1.2.1 1.50 17.34 18.84 OK
r-devel-linux-x86_64-debian-gcc 0.1.2.1 1.34 14.68 16.02 OK
r-devel-linux-x86_64-fedora-clang 0.1.2.1 26.99 OK
r-devel-linux-x86_64-fedora-gcc 0.1.2.1 27.13 OK
r-devel-windows-x86_64 0.1.2.1 3.00 36.00 39.00 OK
r-patched-linux-x86_64 0.1.2.1 1.50 16.47 17.97 OK
r-release-linux-x86_64 0.1.2.1 1.47 16.57 18.04 OK
r-release-macos-arm64 0.1.2.1 1.00 13.00 14.00 OK
r-release-macos-x86_64 0.1.2.1 1.00 20.00 21.00 OK
r-release-windows-x86_64 0.1.2.1 2.00 35.00 37.00 OK
r-oldrel-macos-arm64 0.1.2.1 1.00 12.00 13.00 NOTE
r-oldrel-macos-x86_64 0.1.2.1 1.00 17.00 18.00 NOTE
r-oldrel-windows-x86_64 0.1.2.1 2.00 37.00 39.00 NOTE

Check Details

Version: 0.1.2.1
Check: LazyData
Result: NOTE 'LazyData' is specified without a 'data' directory Flavors: r-oldrel-macos-arm64, r-oldrel-macos-x86_64, r-oldrel-windows-x86_64

mirror server hosted at Truenetwork, Russian Federation.