CRAN Package Check Results for Package tactile

Last updated on 2025-07-12 18:49:55 CEST.

Flavor Version Tinstall Tcheck Ttotal Status Flags
r-devel-linux-x86_64-debian-clang 0.2.1 4.05 65.48 69.53 NOTE
r-devel-linux-x86_64-debian-gcc 0.2.1 2.96 50.23 53.19 NOTE
r-devel-linux-x86_64-fedora-clang 0.2.1 102.82 OK
r-devel-linux-x86_64-fedora-gcc 0.2.1 110.65 OK
r-devel-windows-x86_64 0.2.1 5.00 80.00 85.00 NOTE
r-patched-linux-x86_64 0.2.1 4.27 62.51 66.78 NOTE
r-release-linux-x86_64 0.2.1 3.49 61.88 65.37 NOTE
r-release-macos-arm64 0.2.1 51.00 OK
r-release-macos-x86_64 0.2.1 71.00 OK
r-release-windows-x86_64 0.2.1 6.00 82.00 88.00 NOTE
r-oldrel-macos-arm64 0.2.1 45.00 OK
r-oldrel-macos-x86_64 0.2.1 58.00 OK
r-oldrel-windows-x86_64 0.2.1 7.00 94.00 101.00 OK

Check Details

Version: 0.2.1
Check: Rd cross-references
Result: NOTE Found the following Rd file(s) with Rd \link{} targets missing package anchors: xyplot.Arima.Rd: xyplot Please provide package anchors for all Rd \link{} targets not in the package itself and the base packages. Flavors: r-devel-linux-x86_64-debian-clang, r-devel-linux-x86_64-debian-gcc, r-devel-windows-x86_64, r-patched-linux-x86_64, r-release-linux-x86_64, r-release-windows-x86_64

mirror server hosted at Truenetwork, Russian Federation.