CRAN Package Check Results for Package tapLock

Last updated on 2025-07-13 00:48:42 CEST.

Flavor Version Tinstall Tcheck Ttotal Status Flags
r-devel-linux-x86_64-debian-clang 0.2.0 2.21 28.47 30.68 NOTE
r-devel-linux-x86_64-debian-gcc 0.2.0 1.85 23.69 25.54 NOTE
r-devel-linux-x86_64-fedora-clang 0.2.0 47.39 NOTE
r-devel-linux-x86_64-fedora-gcc 0.2.0 57.33 NOTE
r-devel-windows-x86_64 0.2.0 5.00 51.00 56.00 NOTE
r-patched-linux-x86_64 0.2.0 2.49 26.06 28.55 NOTE
r-release-linux-x86_64 0.2.0 2.30 26.05 28.35 NOTE
r-release-macos-arm64 0.2.0 31.00 NOTE
r-release-macos-x86_64 0.2.0 46.00 NOTE
r-release-windows-x86_64 0.2.0 5.00 54.00 59.00 NOTE
r-oldrel-macos-arm64 0.2.0 29.00 OK
r-oldrel-macos-x86_64 0.2.0 42.00 OK
r-oldrel-windows-x86_64 0.2.0 6.00 57.00 63.00 OK

Check Details

Version: 0.2.0
Check: DESCRIPTION meta-information
Result: NOTE Missing dependency on R >= 4.1.0 because package code uses the pipe |> or function shorthand \(...) syntax added in R 4.1.0. File(s) using such syntax: ‘auth0.R’ ‘config.R’ ‘entra_id.R’ ‘google.R’ ‘utils.R’ Flavors: r-devel-linux-x86_64-debian-clang, r-devel-linux-x86_64-debian-gcc, r-devel-linux-x86_64-fedora-clang, r-devel-linux-x86_64-fedora-gcc, r-devel-windows-x86_64, r-patched-linux-x86_64, r-release-linux-x86_64, r-release-macos-arm64, r-release-macos-x86_64, r-release-windows-x86_64

mirror server hosted at Truenetwork, Russian Federation.