CRAN Package Check Results for Package tdaunif

Last updated on 2025-05-25 06:51:31 CEST.

Flavor Version Tinstall Tcheck Ttotal Status Flags
r-devel-linux-x86_64-debian-clang 0.2.0 2.64 33.22 35.86 NOTE
r-devel-linux-x86_64-debian-gcc 0.2.0 1.89 26.30 28.19 NOTE
r-devel-linux-x86_64-fedora-clang 0.2.0 53.17 NOTE
r-devel-linux-x86_64-fedora-gcc 0.2.0 65.15 NOTE
r-devel-windows-x86_64 0.2.0 4.00 103.00 107.00 NOTE
r-patched-linux-x86_64 0.2.0 2.98 31.00 33.98 NOTE
r-release-linux-x86_64 0.2.0 2.28 30.98 33.26 NOTE
r-release-macos-arm64 0.2.0 38.00 NOTE
r-release-macos-x86_64 0.2.0 49.00 NOTE
r-release-windows-x86_64 0.2.0 4.00 56.00 60.00 NOTE
r-oldrel-macos-arm64 0.2.0 49.00 OK
r-oldrel-macos-x86_64 0.2.0 71.00 OK
r-oldrel-windows-x86_64 0.2.0 4.00 63.00 67.00 OK

Check Details

Version: 0.2.0
Check: DESCRIPTION meta-information
Result: NOTE Missing dependency on R >= 4.1.0 because package code uses the pipe |> or function shorthand \(...) syntax added in R 4.1.0. File(s) using such syntax: ‘mobius-strips.Rd’ Flavors: r-devel-linux-x86_64-debian-clang, r-devel-linux-x86_64-debian-gcc, r-devel-linux-x86_64-fedora-clang, r-devel-linux-x86_64-fedora-gcc, r-devel-windows-x86_64, r-patched-linux-x86_64, r-release-linux-x86_64, r-release-macos-arm64, r-release-macos-x86_64, r-release-windows-x86_64

mirror server hosted at Truenetwork, Russian Federation.