CRAN Package Check Results for Package testthatmulti

Last updated on 2025-07-13 00:48:42 CEST.

Flavor Version Tinstall Tcheck Ttotal Status Flags
r-devel-linux-x86_64-debian-clang 0.1.0 1.55 23.67 25.22 NOTE
r-devel-linux-x86_64-debian-gcc 0.1.0 1.44 19.17 20.61 NOTE
r-devel-linux-x86_64-fedora-clang 0.1.0 37.34 OK
r-devel-linux-x86_64-fedora-gcc 0.1.0 35.82 OK
r-devel-windows-x86_64 0.1.0 3.00 49.00 52.00 OK
r-patched-linux-x86_64 0.1.0 1.54 21.06 22.60 OK
r-release-linux-x86_64 0.1.0 1.56 21.71 23.27 OK
r-release-macos-arm64 0.1.0 18.00 OK
r-release-macos-x86_64 0.1.0 28.00 OK
r-release-windows-x86_64 0.1.0 3.00 52.00 55.00 OK
r-oldrel-macos-arm64 0.1.0 16.00 OK
r-oldrel-macos-x86_64 0.1.0 24.00 OK
r-oldrel-windows-x86_64 0.1.0 2.00 52.00 54.00 OK

Check Details

Version: 0.1.0
Check: CRAN incoming feasibility
Result: NOTE Maintainer: ‘Collin Erickson <collinberickson@gmail.com>’ No Authors@R field in DESCRIPTION. Please add one, modifying Authors@R: person(given = "Collin", family = "Erickson", role = c("aut", "cre"), email = "collinberickson@gmail.com") as necessary. Flavors: r-devel-linux-x86_64-debian-clang, r-devel-linux-x86_64-debian-gcc

mirror server hosted at Truenetwork, Russian Federation.