Last updated on 2025-11-21 05:50:04 CET.
| Flavor | Version | Tinstall | Tcheck | Ttotal | Status | Flags |
|---|---|---|---|---|---|---|
| r-devel-linux-x86_64-debian-clang | 0.1.21 | 6.72 | 104.25 | 110.97 | NOTE | |
| r-devel-linux-x86_64-debian-gcc | 0.1.21 | 5.32 | 74.97 | 80.29 | NOTE | |
| r-devel-linux-x86_64-fedora-clang | 0.1.21 | 17.00 | 148.07 | 165.07 | OK | |
| r-devel-linux-x86_64-fedora-gcc | 0.1.21 | 14.00 | 144.03 | 158.03 | OK | |
| r-devel-windows-x86_64 | 0.1.21 | 14.00 | 103.00 | 117.00 | OK | |
| r-patched-linux-x86_64 | 0.1.21 | 6.98 | 96.16 | 103.14 | OK | |
| r-release-linux-x86_64 | 0.1.21 | 6.79 | 95.86 | 102.65 | OK | |
| r-release-macos-arm64 | 0.1.21 | OK | ||||
| r-release-macos-x86_64 | 0.1.21 | 8.00 | 69.00 | 77.00 | OK | |
| r-release-windows-x86_64 | 0.1.21 | 12.00 | 104.00 | 116.00 | OK | |
| r-oldrel-macos-arm64 | 0.1.21 | NOTE | ||||
| r-oldrel-macos-x86_64 | 0.1.21 | 7.00 | 55.00 | 62.00 | NOTE | |
| r-oldrel-windows-x86_64 | 0.1.21 | 16.00 | 132.00 | 148.00 | NOTE |
Version: 0.1.21
Check: CRAN incoming feasibility
Result: NOTE
Maintainer: ‘vincent guyader <vincent@thinkr.fr>’
No Authors@R field in DESCRIPTION.
Please add one, modifying
Authors@R: person(given = "vincent",
family = "guyader",
role = c("aut", "cre"),
email = "vincent@thinkr.fr")
as necessary.
Flavors: r-devel-linux-x86_64-debian-clang, r-devel-linux-x86_64-debian-gcc
Version: 0.1.21
Check: LazyData
Result: NOTE
'LazyData' is specified without a 'data' directory
Flavors: r-oldrel-macos-arm64, r-oldrel-macos-x86_64, r-oldrel-windows-x86_64