Last updated on 2024-06-27 00:56:17 CEST.
Flavor | Version | Tinstall | Tcheck | Ttotal | Status | Flags |
---|---|---|---|---|---|---|
r-devel-linux-x86_64-debian-clang | 0.1.21 | NOTE | ||||
r-devel-linux-x86_64-debian-gcc | 0.1.21 | 5.63 | 76.65 | 82.28 | NOTE | |
r-devel-linux-x86_64-fedora-clang | 0.1.21 | 141.33 | NOTE | |||
r-devel-linux-x86_64-fedora-gcc | 0.1.21 | 131.93 | NOTE | |||
r-devel-windows-x86_64 | 0.1.21 | 10.00 | 92.00 | 102.00 | NOTE | |
r-patched-linux-x86_64 | 0.1.21 | 6.87 | 97.24 | 104.11 | NOTE | |
r-release-linux-x86_64 | 0.1.21 | 4.58 | 96.90 | 101.48 | NOTE | |
r-release-macos-arm64 | 0.1.21 | 39.00 | NOTE | |||
r-release-macos-x86_64 | 0.1.21 | 62.00 | NOTE | |||
r-release-windows-x86_64 | 0.1.21 | 10.00 | 97.00 | 107.00 | NOTE | |
r-oldrel-macos-arm64 | 0.1.21 | 49.00 | NOTE | |||
r-oldrel-macos-x86_64 | 0.1.21 | 76.00 | NOTE | |||
r-oldrel-windows-x86_64 | 0.1.21 | 13.00 | 115.00 | 128.00 | NOTE |
Version: 0.1.21
Check: LazyData
Result: NOTE
'LazyData' is specified without a 'data' directory
Flavors: r-devel-linux-x86_64-debian-clang, r-devel-linux-x86_64-debian-gcc, r-devel-linux-x86_64-fedora-clang, r-devel-linux-x86_64-fedora-gcc, r-devel-windows-x86_64, r-patched-linux-x86_64, r-release-linux-x86_64, r-release-macos-arm64, r-release-macos-x86_64, r-release-windows-x86_64, r-oldrel-macos-arm64, r-oldrel-macos-x86_64, r-oldrel-windows-x86_64