CRAN Package Check Results for Package tfruns

Last updated on 2025-05-27 18:50:03 CEST.

Flavor Version Tinstall Tcheck Ttotal Status Flags
r-devel-linux-x86_64-debian-clang 1.5.3 3.49 38.99 42.48 NOTE
r-devel-linux-x86_64-debian-gcc 1.5.3 2.66 30.87 33.53 NOTE
r-devel-linux-x86_64-fedora-clang 1.5.3 69.77 OK
r-devel-linux-x86_64-fedora-gcc 1.5.3 78.56 OK
r-devel-windows-x86_64 1.5.3 5.00 96.00 101.00 NOTE
r-patched-linux-x86_64 1.5.3 3.47 37.94 41.41 NOTE
r-release-linux-x86_64 1.5.3 2.77 37.25 40.02 NOTE
r-release-macos-arm64 1.5.3 64.00 OK
r-release-macos-x86_64 1.5.3 87.00 OK
r-release-windows-x86_64 1.5.3 5.00 96.00 101.00 NOTE
r-oldrel-macos-arm64 1.5.3 66.00 OK
r-oldrel-macos-x86_64 1.5.3 64.00 OK
r-oldrel-windows-x86_64 1.5.3 6.00 97.00 103.00 OK

Check Details

Version: 1.5.3
Check: Rd cross-references
Result: NOTE Found the following Rd file(s) with Rd \link{} targets missing package anchors: flags.Rd: yaml.load Please provide package anchors for all Rd \link{} targets not in the package itself and the base packages. Flavors: r-devel-linux-x86_64-debian-clang, r-devel-linux-x86_64-debian-gcc, r-devel-windows-x86_64, r-patched-linux-x86_64, r-release-linux-x86_64, r-release-windows-x86_64

mirror server hosted at Truenetwork, Russian Federation.