CRAN Package Check Results for Package tgamtheme

Last updated on 2025-05-24 00:50:33 CEST.

Flavor Version Tinstall Tcheck Ttotal Status Flags
r-devel-linux-x86_64-debian-clang 0.1.0 1.63 23.16 24.79 OK
r-devel-linux-x86_64-debian-gcc 0.1.0 1.34 18.23 19.57 OK
r-devel-linux-x86_64-fedora-clang 0.1.0 37.20 OK
r-devel-linux-x86_64-fedora-gcc 0.1.0 35.07 OK
r-devel-windows-x86_64 0.1.0 4.00 45.00 49.00 OK
r-patched-linux-x86_64 0.1.0 1.59 20.82 22.41 OK
r-release-linux-x86_64 0.1.0 1.63 20.80 22.43 OK
r-release-macos-arm64 0.1.0 31.00 OK
r-release-macos-x86_64 0.1.0 30.00 OK
r-release-windows-x86_64 0.1.0 4.00 47.00 51.00 OK
r-oldrel-macos-arm64 0.1.0 16.00 NOTE
r-oldrel-macos-x86_64 0.1.0 23.00 NOTE
r-oldrel-windows-x86_64 0.1.0 3.00 49.00 52.00 NOTE

Check Details

Version: 0.1.0
Check: LazyData
Result: NOTE 'LazyData' is specified without a 'data' directory Flavors: r-oldrel-macos-arm64, r-oldrel-macos-x86_64, r-oldrel-windows-x86_64

mirror server hosted at Truenetwork, Russian Federation.