Last updated on 2024-06-27 00:56:17 CEST.
Flavor | Version | Tinstall | Tcheck | Ttotal | Status | Flags |
---|---|---|---|---|---|---|
r-devel-linux-x86_64-debian-clang | 0.5.5 | NOTE | ||||
r-devel-linux-x86_64-debian-gcc | 0.5.5 | 62.57 | 124.01 | 186.58 | NOTE | |
r-devel-linux-x86_64-fedora-clang | 0.5.5 | 358.56 | NOTE | |||
r-devel-linux-x86_64-fedora-gcc | 0.5.5 | 334.11 | NOTE | |||
r-patched-linux-x86_64 | 0.5.5 | 77.73 | 152.20 | 229.93 | NOTE | |
r-release-linux-x86_64 | 0.5.5 | 74.81 | 151.55 | 226.36 | NOTE | |
r-release-macos-arm64 | 0.5.5 | 73.00 | NOTE | |||
r-release-macos-x86_64 | 0.5.5 | 93.00 | NOTE | |||
r-oldrel-macos-arm64 | 0.5.5 | 88.00 | NOTE | |||
r-oldrel-macos-x86_64 | 0.5.5 | 140.00 | NOTE |
Version: 0.5.5
Check: for GNU extensions in Makefiles
Result: NOTE
GNU make is a SystemRequirements.
Flavors: r-devel-linux-x86_64-debian-clang, r-devel-linux-x86_64-debian-gcc, r-devel-linux-x86_64-fedora-clang, r-devel-linux-x86_64-fedora-gcc, r-patched-linux-x86_64, r-release-linux-x86_64, r-release-macos-arm64, r-release-macos-x86_64, r-oldrel-macos-arm64, r-oldrel-macos-x86_64
Version: 0.5.5
Check: dependencies in R code
Result: NOTE
Namespace in Imports field not imported from: ‘doRNG’
All declared Imports should be used.
Flavors: r-devel-linux-x86_64-fedora-clang, r-devel-linux-x86_64-fedora-gcc