Last updated on 2024-06-30 00:59:28 CEST.
Flavor | Version | Tinstall | Tcheck | Ttotal | Status | Flags |
---|---|---|---|---|---|---|
r-devel-linux-x86_64-debian-clang | 0.6.1 | 16.62 | 154.51 | 171.13 | OK | |
r-devel-linux-x86_64-debian-gcc | 0.6.1 | 12.37 | 113.29 | 125.66 | OK | |
r-devel-linux-x86_64-fedora-clang | 0.6.1 | 216.48 | OK | |||
r-devel-linux-x86_64-fedora-gcc | 0.6.1 | 202.48 | OK | |||
r-devel-windows-x86_64 | 0.6.1 | 15.00 | 120.00 | 135.00 | OK | |
r-patched-linux-x86_64 | 0.6.1 | 15.29 | 145.09 | 160.38 | OK | |
r-release-linux-x86_64 | 0.6.1 | 11.23 | 145.07 | 156.30 | OK | |
r-release-macos-arm64 | 0.6.1 | 66.00 | OK | |||
r-release-macos-x86_64 | 0.6.1 | 97.00 | OK | |||
r-release-windows-x86_64 | 0.6.1 | 14.00 | 124.00 | 138.00 | OK | |
r-oldrel-macos-arm64 | 0.6.1 | 71.00 | NOTE | |||
r-oldrel-macos-x86_64 | 0.6.1 | 143.00 | NOTE | |||
r-oldrel-windows-x86_64 | 0.6.1 | 20.00 | 151.00 | 171.00 | OK |
Version: 0.6.1
Check: package dependencies
Result: NOTE
Package suggested but not available for checking: ‘theftdlc’
Flavors: r-oldrel-macos-arm64, r-oldrel-macos-x86_64