Last updated on 2025-11-04 05:51:28 CET.
| Flavor | Version | Tinstall | Tcheck | Ttotal | Status | Flags | 
|---|---|---|---|---|---|---|
| r-devel-linux-x86_64-debian-clang | 0.1.0 | 14.96 | 45.30 | 60.26 | NOTE | |
| r-devel-linux-x86_64-debian-gcc | 0.1.0 | 10.15 | 35.74 | 45.89 | NOTE | |
| r-devel-linux-x86_64-fedora-clang | 0.1.0 | 27.00 | 62.41 | 89.41 | OK | |
| r-devel-linux-x86_64-fedora-gcc | 0.1.0 | 40.00 | 48.31 | 88.31 | OK | |
| r-devel-windows-x86_64 | 0.1.0 | 17.00 | 58.00 | 75.00 | OK | |
| r-patched-linux-x86_64 | 0.1.0 | 13.62 | 43.21 | 56.83 | OK | |
| r-release-linux-x86_64 | 0.1.0 | 13.09 | 42.89 | 55.98 | OK | |
| r-release-macos-arm64 | 0.1.0 | 10.00 | 40.00 | 50.00 | OK | |
| r-release-macos-x86_64 | 0.1.0 | 16.00 | 41.00 | 57.00 | OK | |
| r-release-windows-x86_64 | 0.1.0 | 17.00 | 58.00 | 75.00 | OK | |
| r-oldrel-macos-arm64 | 0.1.0 | 9.00 | 24.00 | 33.00 | NOTE | |
| r-oldrel-macos-x86_64 | 0.1.0 | 14.00 | 35.00 | 49.00 | NOTE | |
| r-oldrel-windows-x86_64 | 0.1.0 | 19.00 | 73.00 | 92.00 | NOTE | 
Version: 0.1.0
Check: CRAN incoming feasibility
Result: NOTE
  Maintainer: ‘Olgun Aydin <olgun.aydin@pg.edu.pl>’
  
  No Authors@R field in DESCRIPTION.
  Please add one, modifying
    Authors@R: c(person(given = "Olgun",
                        family = "Aydin",
                        role = c("aut", "cre"),
                        email = "olgun.aydin@pg.edu.pl"),
                 person(given = "Mustafa",
                        family = "Cavus",
                        role = "aut"))
  as necessary.
Flavors: r-devel-linux-x86_64-debian-clang, r-devel-linux-x86_64-debian-gcc
Version: 0.1.0
Check: installed package size
Result: NOTE
    installed size is  9.1Mb
    sub-directories of 1Mb or more:
      R      5.1Mb
      data   4.0Mb
Flavors: r-oldrel-macos-arm64, r-oldrel-macos-x86_64, r-oldrel-windows-x86_64