CRAN Package Check Results for Package thregI

Last updated on 2025-11-24 17:50:17 CET.

Flavor Version Tinstall Tcheck Ttotal Status Flags
r-devel-linux-x86_64-debian-clang 1.0.4 7.03 63.23 70.26 NOTE
r-devel-linux-x86_64-debian-gcc 1.0.4 5.18 48.01 53.19 NOTE
r-devel-linux-x86_64-fedora-clang 1.0.4 21.00 86.91 107.91 OK
r-devel-linux-x86_64-fedora-gcc 1.0.4 18.00 88.88 106.88 OK
r-devel-windows-x86_64 1.0.4 9.00 74.00 83.00 OK
r-patched-linux-x86_64 1.0.4 7.95 60.79 68.74 OK
r-release-linux-x86_64 1.0.4 7.02 61.40 68.42 OK
r-release-macos-arm64 1.0.4 OK
r-release-macos-x86_64 1.0.4 6.00 51.00 57.00 OK
r-release-windows-x86_64 1.0.4 8.00 86.00 94.00 OK
r-oldrel-macos-arm64 1.0.4 OK
r-oldrel-macos-x86_64 1.0.4 5.00 43.00 48.00 OK
r-oldrel-windows-x86_64 1.0.4 11.00 87.00 98.00 OK

Check Details

Version: 1.0.4
Check: CRAN incoming feasibility
Result: NOTE Maintainer: ‘Man-Hua Chen <mchen@mail.tku.edu.tw>’ No Authors@R field in DESCRIPTION. Please add one, modifying Authors@R: person(given = "Man-Hua", family = "Chen", role = c("aut", "cre"), email = "mchen@mail.tku.edu.tw") as necessary. Flavors: r-devel-linux-x86_64-debian-clang, r-devel-linux-x86_64-debian-gcc

mirror server hosted at Truenetwork, Russian Federation.