CRAN Package Check Results for Package tidyCpp

Last updated on 2025-11-02 17:49:55 CET.

Flavor Version Tinstall Tcheck Ttotal Status Flags
r-devel-linux-x86_64-debian-clang 0.0.7 1.22 16.62 17.84 NOTE
r-devel-linux-x86_64-debian-gcc 0.0.7 1.00 14.44 15.44 NOTE
r-devel-linux-x86_64-fedora-clang 0.0.7 26.16 OK
r-devel-linux-x86_64-fedora-gcc 0.0.7 39.00 OK
r-devel-windows-x86_64 0.0.7 2.00 36.00 38.00 OK
r-patched-linux-x86_64 0.0.7 1.12 15.26 16.38 OK
r-release-linux-x86_64 0.0.7 1.04 15.37 16.41 OK
r-release-macos-arm64 0.0.7 1.00 18.00 19.00 OK
r-release-macos-x86_64 0.0.7 2.00 48.00 50.00 OK
r-release-windows-x86_64 0.0.7 3.00 35.00 38.00 OK
r-oldrel-macos-arm64 0.0.7 1.00 16.00 17.00 OK
r-oldrel-macos-x86_64 0.0.7 2.00 31.00 33.00 OK
r-oldrel-windows-x86_64 0.0.7 3.00 39.00 42.00 OK

Check Details

Version: 0.0.7
Check: CRAN incoming feasibility
Result: NOTE Maintainer: ‘Dirk Eddelbuettel <edd@debian.org>’ No Authors@R field in DESCRIPTION. Please add one, modifying Authors@R: person(given = "Dirk", family = "Eddelbuettel", role = c("aut", "cre"), email = "edd@debian.org") as necessary. Flavors: r-devel-linux-x86_64-debian-clang, r-devel-linux-x86_64-debian-gcc

mirror server hosted at Truenetwork, Russian Federation.