Last updated on 2024-06-30 06:55:49 CEST.
Flavor | Version | Tinstall | Tcheck | Ttotal | Status | Flags |
---|---|---|---|---|---|---|
r-devel-linux-x86_64-debian-clang | 1.1.1 | 5.63 | 59.46 | 65.09 | OK | |
r-devel-linux-x86_64-debian-gcc | 1.1.1 | 4.62 | 45.63 | 50.25 | OK | |
r-devel-linux-x86_64-fedora-clang | 1.1.1 | 83.60 | NOTE | |||
r-devel-linux-x86_64-fedora-gcc | 1.1.1 | 90.98 | NOTE | |||
r-devel-windows-x86_64 | 1.1.1 | 9.00 | 66.00 | 75.00 | OK | |
r-patched-linux-x86_64 | 1.1.1 | 6.54 | 56.35 | 62.89 | OK | |
r-release-linux-x86_64 | 1.1.1 | 4.41 | 57.40 | 61.81 | OK | |
r-release-macos-arm64 | 1.1.1 | 33.00 | OK | |||
r-release-macos-x86_64 | 1.1.1 | 49.00 | OK | |||
r-release-windows-x86_64 | 1.1.1 | 7.00 | 65.00 | 72.00 | OK | |
r-oldrel-macos-arm64 | 1.1.1 | 34.00 | OK | |||
r-oldrel-macos-x86_64 | 1.1.1 | 65.00 | OK | |||
r-oldrel-windows-x86_64 | 1.1.1 | 10.00 | 70.00 | 80.00 | OK |
Version: 1.1.1
Check: data for non-ASCII characters
Result: NOTE
Note: found 6 marked UTF-8 strings
Flavors: r-devel-linux-x86_64-fedora-clang, r-devel-linux-x86_64-fedora-gcc