Last updated on 2025-05-08 18:51:46 CEST.
Flavor | Version | Tinstall | Tcheck | Ttotal | Status | Flags |
---|---|---|---|---|---|---|
r-devel-linux-x86_64-debian-clang | 0.3.0 | 6.91 | 48.20 | 55.11 | NOTE | |
r-devel-linux-x86_64-debian-gcc | 0.3.0 | 5.44 | 34.16 | 39.60 | NOTE | |
r-devel-linux-x86_64-fedora-clang | 0.3.0 | 89.52 | NOTE | |||
r-devel-linux-x86_64-fedora-gcc | 0.3.0 | 78.99 | NOTE | |||
r-devel-windows-x86_64 | 0.3.0 | 6.00 | 69.00 | 75.00 | NOTE | |
r-patched-linux-x86_64 | 0.3.0 | 7.43 | 43.67 | 51.10 | NOTE | |
r-release-linux-x86_64 | 0.3.0 | 6.97 | 43.86 | 50.83 | NOTE | |
r-release-macos-arm64 | 0.3.0 | 25.00 | NOTE | |||
r-release-macos-x86_64 | 0.3.0 | 47.00 | NOTE | |||
r-release-windows-x86_64 | 0.3.0 | 7.00 | 71.00 | 78.00 | NOTE | |
r-oldrel-macos-arm64 | 0.3.0 | 36.00 | OK | |||
r-oldrel-macos-x86_64 | 0.3.0 | 64.00 | OK | |||
r-oldrel-windows-x86_64 | 0.3.0 | 7.00 | 78.00 | 85.00 | OK |
Version: 0.3.0
Check: DESCRIPTION meta-information
Result: NOTE
Missing dependency on R >= 4.1.0 because package code uses the pipe
|> or function shorthand \(...) syntax added in R 4.1.0.
File(s) using such syntax:
‘type_function.Rd’
Flavors: r-devel-linux-x86_64-debian-clang, r-devel-linux-x86_64-debian-gcc, r-devel-linux-x86_64-fedora-clang, r-devel-linux-x86_64-fedora-gcc, r-devel-windows-x86_64, r-patched-linux-x86_64, r-release-linux-x86_64, r-release-macos-arm64, r-release-macos-x86_64, r-release-windows-x86_64