CRAN Package Check Results for Package tinyspotifyr

Last updated on 2025-11-22 17:49:45 CET.

Flavor Version Tinstall Tcheck Ttotal Status Flags
r-devel-linux-x86_64-debian-clang 0.2.2 2.99 35.61 38.60 OK
r-devel-linux-x86_64-debian-gcc 0.2.2 1.98 27.24 29.22 OK
r-devel-linux-x86_64-fedora-clang 0.2.2 53.21 OK
r-devel-linux-x86_64-fedora-gcc 0.2.2 48.23 OK
r-devel-windows-x86_64 0.2.2 6.00 58.00 64.00 OK
r-patched-linux-x86_64 0.2.2 4.09 29.96 34.05 OK
r-release-linux-x86_64 0.2.2 2.99 30.09 33.08 OK
r-release-macos-arm64 0.2.2 OK
r-release-macos-x86_64 0.2.2 4.00 30.00 34.00 OK
r-release-windows-x86_64 0.2.2 4.00 57.00 61.00 OK
r-oldrel-macos-arm64 0.2.2 NOTE
r-oldrel-macos-x86_64 0.2.2 2.00 27.00 29.00 NOTE
r-oldrel-windows-x86_64 0.2.2 6.00 63.00 69.00 NOTE

Check Details

Version: 0.2.2
Check: LazyData
Result: NOTE 'LazyData' is specified without a 'data' directory Flavors: r-oldrel-macos-arm64, r-oldrel-macos-x86_64, r-oldrel-windows-x86_64

mirror server hosted at Truenetwork, Russian Federation.