Last updated on 2025-07-10 00:49:53 CEST.
Flavor | Version | Tinstall | Tcheck | Ttotal | Status | Flags |
---|---|---|---|---|---|---|
r-devel-linux-x86_64-debian-clang | 0.1.0 | 2.27 | 25.19 | 27.46 | OK | |
r-devel-linux-x86_64-debian-gcc | 0.1.0 | 2.00 | 20.73 | 22.73 | OK | |
r-devel-linux-x86_64-fedora-clang | 0.1.0 | 39.38 | OK | |||
r-devel-linux-x86_64-fedora-gcc | 0.1.0 | 38.90 | OK | |||
r-devel-windows-x86_64 | 0.1.0 | 5.00 | 50.00 | 55.00 | OK | |
r-patched-linux-x86_64 | 0.1.0 | 2.57 | 23.34 | 25.91 | OK | |
r-release-linux-x86_64 | 0.1.0 | 2.32 | 23.30 | 25.62 | OK | |
r-release-macos-arm64 | 0.1.0 | 23.00 | OK | |||
r-release-macos-x86_64 | 0.1.0 | 30.00 | OK | |||
r-release-windows-x86_64 | 0.1.0 | 4.00 | 49.00 | 53.00 | OK | |
r-oldrel-macos-arm64 | 0.1.0 | 19.00 | NOTE | |||
r-oldrel-macos-x86_64 | 0.1.0 | 29.00 | NOTE | |||
r-oldrel-windows-x86_64 | 0.1.0 | 5.00 | 52.00 | 57.00 | NOTE |
Version: 0.1.0
Check: LazyData
Result: NOTE
'LazyData' is specified without a 'data' directory
Flavors: r-oldrel-macos-arm64, r-oldrel-macos-x86_64, r-oldrel-windows-x86_64