Last updated on 2025-11-03 11:49:55 CET.
| Flavor | Version | Tinstall | Tcheck | Ttotal | Status | Flags |
|---|---|---|---|---|---|---|
| r-devel-linux-x86_64-debian-clang | 1.0 | 7.91 | 62.67 | 70.58 | NOTE | |
| r-devel-linux-x86_64-debian-gcc | 1.0 | 6.32 | 45.11 | 51.43 | NOTE | |
| r-devel-linux-x86_64-fedora-clang | 1.0 | 16.00 | 90.40 | 106.40 | OK | |
| r-devel-linux-x86_64-fedora-gcc | 1.0 | 15.00 | 84.92 | 99.92 | OK | |
| r-devel-windows-x86_64 | 1.0 | 10.00 | 73.00 | 83.00 | OK | |
| r-patched-linux-x86_64 | 1.0 | 7.28 | 59.96 | 67.24 | OK | |
| r-release-linux-x86_64 | 1.0 | 7.07 | 59.03 | 66.10 | OK | |
| r-release-macos-arm64 | 1.0 | 5.00 | 34.00 | 39.00 | OK | |
| r-release-macos-x86_64 | 1.0 | 7.00 | 54.00 | 61.00 | OK | |
| r-release-windows-x86_64 | 1.0 | 9.00 | 71.00 | 80.00 | OK | |
| r-oldrel-macos-arm64 | 1.0 | 3.00 | 27.00 | 30.00 | OK | |
| r-oldrel-macos-x86_64 | 1.0 | 5.00 | 42.00 | 47.00 | OK | |
| r-oldrel-windows-x86_64 | 1.0 | 12.00 | 86.00 | 98.00 | OK |
Version: 1.0
Check: CRAN incoming feasibility
Result: NOTE
Maintainer: ‘Ronja Foraita <foraita@leibniz-bips.de>’
The Description field contains
<arXiv:2108.13395> provide a guide how to use tpc to analyse cohort
Please refer to arXiv e-prints via their arXiv DOI <doi:10.48550/arXiv.YYMM.NNNNN>.
Flavors: r-devel-linux-x86_64-debian-clang, r-devel-linux-x86_64-debian-gcc