CRAN Package Check Results for Package tracer

Last updated on 2025-05-25 00:50:19 CEST.

Flavor Version Tinstall Tcheck Ttotal Status Flags
r-devel-linux-x86_64-debian-clang 1.0.0 2.00 22.68 24.68 OK
r-devel-linux-x86_64-debian-gcc 1.0.0 1.57 17.99 19.56 OK
r-devel-linux-x86_64-fedora-clang 1.0.0 36.80 OK
r-devel-linux-x86_64-fedora-gcc 1.0.0 34.75 OK
r-devel-windows-x86_64 1.0.0 4.00 82.00 86.00 OK
r-patched-linux-x86_64 1.0.0 1.94 20.43 22.37 OK
r-release-linux-x86_64 1.0.0 2.13 20.65 22.78 OK
r-release-macos-arm64 1.0.0 26.00 OK
r-release-macos-x86_64 1.0.0 40.00 OK
r-release-windows-x86_64 1.0.0 3.00 43.00 46.00 OK
r-oldrel-macos-arm64 1.0.0 22.00 NOTE
r-oldrel-macos-x86_64 1.0.0 30.00 NOTE
r-oldrel-windows-x86_64 1.0.0 3.00 47.00 50.00 NOTE

Check Details

Version: 1.0.0
Check: LazyData
Result: NOTE 'LazyData' is specified without a 'data' directory Flavors: r-oldrel-macos-arm64, r-oldrel-macos-x86_64, r-oldrel-windows-x86_64

mirror server hosted at Truenetwork, Russian Federation.