Last updated on 2024-06-29 12:48:34 CEST.
Flavor | Version | Tinstall | Tcheck | Ttotal | Status | Flags |
---|---|---|---|---|---|---|
r-devel-linux-x86_64-debian-clang | 0.3.3 | 9.37 | 123.77 | 133.14 | OK | |
r-devel-linux-x86_64-debian-gcc | 0.3.3 | 5.83 | 87.72 | 93.55 | OK | |
r-devel-linux-x86_64-fedora-clang | 0.3.3 | 164.68 | NOTE | |||
r-devel-linux-x86_64-fedora-gcc | 0.3.3 | 158.03 | OK | |||
r-devel-windows-x86_64 | 0.3.3 | 9.00 | 108.00 | 117.00 | OK | |
r-patched-linux-x86_64 | 0.3.3 | 9.58 | 118.86 | 128.44 | OK | |
r-release-linux-x86_64 | 0.3.3 | 9.16 | 109.92 | 119.08 | OK | |
r-release-macos-arm64 | 0.3.3 | 54.00 | OK | |||
r-release-macos-x86_64 | 0.3.3 | 81.00 | OK | |||
r-release-windows-x86_64 | 0.3.3 | 9.00 | 112.00 | 121.00 | OK | |
r-oldrel-macos-arm64 | 0.3.3 | 67.00 | OK | |||
r-oldrel-macos-x86_64 | 0.3.3 | 117.00 | OK | |||
r-oldrel-windows-x86_64 | 0.3.3 | 11.00 | 130.00 | 141.00 | OK |
Version: 0.3.3
Check: Rd cross-references
Result: NOTE
Undeclared package ‘rlang’ in Rd xrefs
Flavor: r-devel-linux-x86_64-fedora-clang