CRAN Package Check Results for Package translate.logit

Last updated on 2025-07-12 18:49:56 CEST.

Flavor Version Tinstall Tcheck Ttotal Status Flags
r-devel-linux-x86_64-debian-clang 1.0 1.92 18.91 20.83 NOTE
r-devel-linux-x86_64-debian-gcc 1.0 1.55 15.94 17.49 NOTE
r-devel-linux-x86_64-fedora-clang 1.0 36.10 OK
r-devel-linux-x86_64-fedora-gcc 1.0 32.86 OK
r-devel-windows-x86_64 1.0 3.00 41.00 44.00 NOTE
r-patched-linux-x86_64 1.0 2.03 18.13 20.16 NOTE
r-release-linux-x86_64 1.0 1.96 18.22 20.18 NOTE
r-release-macos-arm64 1.0 16.00 OK
r-release-macos-x86_64 1.0 23.00 OK
r-release-windows-x86_64 1.0 3.00 42.00 45.00 NOTE
r-oldrel-macos-arm64 1.0 75.00 OK
r-oldrel-macos-x86_64 1.0 20.00 OK
r-oldrel-windows-x86_64 1.0 3.00 41.00 44.00 OK

Check Details

Version: 1.0
Check: Rd cross-references
Result: NOTE Found the following Rd file(s) with Rd \link{} targets missing package anchors: translate.logit.Rd: multinom Please provide package anchors for all Rd \link{} targets not in the package itself and the base packages. Flavors: r-devel-linux-x86_64-debian-clang, r-devel-linux-x86_64-debian-gcc, r-devel-windows-x86_64, r-patched-linux-x86_64, r-release-linux-x86_64, r-release-windows-x86_64

mirror server hosted at Truenetwork, Russian Federation.