CRAN Package Check Results for Package transmdl

Last updated on 2025-11-03 17:50:06 CET.

Flavor Version Tinstall Tcheck Ttotal Status Flags
r-devel-linux-x86_64-debian-clang 0.1.0 31.78 32.17 63.95 NOTE
r-devel-linux-x86_64-debian-gcc 0.1.0 20.66 26.18 46.84 NOTE
r-devel-linux-x86_64-fedora-clang 0.1.0 42.00 72.08 114.08 NOTE
r-devel-linux-x86_64-fedora-gcc 0.1.0 45.00 58.13 103.13 NOTE
r-devel-windows-x86_64 0.1.0 39.00 67.00 106.00 NOTE
r-patched-linux-x86_64 0.1.0 30.39 32.00 62.39 OK
r-release-linux-x86_64 0.1.0 28.68 32.22 60.90 OK
r-release-macos-arm64 0.1.0 14.00 22.00 36.00 OK
r-release-macos-x86_64 0.1.0 16.00 36.00 52.00 OK
r-release-windows-x86_64 0.1.0 38.00 67.00 105.00 OK
r-oldrel-macos-arm64 0.1.0 15.00 19.00 34.00 NOTE
r-oldrel-macos-x86_64 0.1.0 13.00 28.00 41.00 NOTE
r-oldrel-windows-x86_64 0.1.0 45.00 83.00 128.00 OK

Check Details

Version: 0.1.0
Check: Rd files
Result: NOTE checkRd: (-1) trans_m.Rd:44-57: Only 4 columns allowed in this table (row 12 has 1) Flavors: r-devel-linux-x86_64-debian-clang, r-devel-linux-x86_64-debian-gcc, r-devel-linux-x86_64-fedora-clang, r-devel-linux-x86_64-fedora-gcc, r-devel-windows-x86_64

Version: 0.1.0
Check: installed package size
Result: NOTE installed size is 7.9Mb sub-directories of 1Mb or more: libs 7.8Mb Flavors: r-oldrel-macos-arm64, r-oldrel-macos-x86_64

mirror server hosted at Truenetwork, Russian Federation.