CRAN Package Check Results for Package treediff

Last updated on 2025-11-03 05:50:59 CET.

Flavor Version Tinstall Tcheck Ttotal Status Flags
r-devel-linux-x86_64-debian-clang 0.2.1 44.16 392.06 436.22 OK
r-devel-linux-x86_64-debian-gcc 0.2.1 33.58 281.16 314.74 OK
r-devel-linux-x86_64-fedora-clang 0.2.1 251.00 459.78 710.78 OK
r-devel-linux-x86_64-fedora-gcc 0.2.1 160.00 510.72 670.72 OK
r-devel-windows-x86_64 0.2.1 47.00 321.00 368.00 OK
r-patched-linux-x86_64 0.2.1 0.32 1.78 2.10 ERROR
r-release-linux-x86_64 0.2.1 45.78 369.49 415.27 OK
r-release-macos-arm64 0.2.1 20.00 153.00 173.00 OK
r-release-macos-x86_64 0.2.1 38.00 269.00 307.00 OK
r-release-windows-x86_64 0.2.1 45.00 315.00 360.00 OK
r-oldrel-macos-arm64 0.2.1 20.00 166.00 186.00 OK
r-oldrel-macos-x86_64 0.2.1 27.00 224.00 251.00 OK
r-oldrel-windows-x86_64 0.2.1 59.00 427.00 486.00 OK

Check Details

Version: 0.2.1
Check: package dependencies
Result: ERROR Packages required but not available: 'csaw', 'InteractionSet', 'SummarizedExperiment', 'HiCDOC' See section ‘The DESCRIPTION file’ in the ‘Writing R Extensions’ manual. Flavor: r-patched-linux-x86_64

mirror server hosted at Truenetwork, Russian Federation.