Last updated on 2025-02-22 05:51:54 CET.
Flavor | Version | Tinstall | Tcheck | Ttotal | Status | Flags |
---|---|---|---|---|---|---|
r-devel-linux-x86_64-debian-clang | 0.1.6 | 815.26 | 453.90 | 1269.16 | OK | |
r-devel-linux-x86_64-debian-gcc | 0.1.6 | 790.78 | 406.47 | 1197.25 | OK | |
r-devel-linux-x86_64-fedora-clang | 0.1.6 | 2265.16 | OK | |||
r-devel-linux-x86_64-fedora-gcc | 0.1.6 | 2789.08 | OK | |||
r-devel-macos-arm64 | 0.1.6 | 640.00 | OK | |||
r-devel-macos-x86_64 | 0.1.6 | 1128.00 | OK | |||
r-devel-windows-x86_64 | 0.1.6 | 817.00 | 633.00 | 1450.00 | OK | |
r-patched-linux-x86_64 | 0.1.6 | 1020.46 | 527.45 | 1547.91 | NOTE | |
r-release-linux-x86_64 | 0.1.6 | 1058.59 | 529.08 | 1587.67 | NOTE | |
r-release-macos-arm64 | 0.1.6 | 329.00 | NOTE | |||
r-release-macos-x86_64 | 0.1.6 | 425.00 | NOTE | |||
r-release-windows-x86_64 | 0.1.6 | 832.00 | 637.00 | 1469.00 | NOTE | |
r-oldrel-macos-arm64 | 0.1.6 | 579.00 | NOTE | |||
r-oldrel-macos-x86_64 | 0.1.6 | 947.00 | NOTE | |||
r-oldrel-windows-x86_64 | 0.1.6 | 1080.00 | 776.00 | 1856.00 | NOTE |
Version: 0.1.6
Check: for GNU extensions in Makefiles
Result: NOTE
GNU make is a SystemRequirements.
Flavors: r-patched-linux-x86_64, r-release-linux-x86_64, r-release-macos-arm64, r-release-macos-x86_64, r-release-windows-x86_64, r-oldrel-macos-arm64, r-oldrel-macos-x86_64, r-oldrel-windows-x86_64
Version: 0.1.6
Check: installed package size
Result: NOTE
installed size is 135.3Mb
sub-directories of 1Mb or more:
doc 3.9Mb
libs 130.3Mb
Flavors: r-release-macos-arm64, r-release-macos-x86_64, r-release-windows-x86_64, r-oldrel-macos-arm64, r-oldrel-macos-x86_64, r-oldrel-windows-x86_64