CRAN Package Check Results for Package triebeard

Last updated on 2025-11-24 11:50:22 CET.

Flavor Version Tinstall Tcheck Ttotal Status Flags
r-devel-linux-x86_64-debian-clang 0.4.1 43.99 32.62 76.61 NOTE
r-devel-linux-x86_64-debian-gcc 0.4.1 40.37 26.53 66.90 NOTE
r-devel-linux-x86_64-fedora-clang 0.4.1 93.00 51.55 144.55 OK
r-devel-linux-x86_64-fedora-gcc 0.4.1 198.00 -21.80 176.20 OK
r-devel-windows-x86_64 0.4.1 65.00 77.00 142.00 OK
r-patched-linux-x86_64 0.4.1 48.75 31.03 79.78 OK
r-release-linux-x86_64 0.4.1 48.37 30.88 79.25 OK
r-release-macos-arm64 0.4.1 OK
r-release-macos-x86_64 0.4.1 20.00 61.00 81.00 OK
r-release-windows-x86_64 0.4.1 54.00 87.00 141.00 OK
r-oldrel-macos-arm64 0.4.1 OK
r-oldrel-macos-x86_64 0.4.1 19.00 52.00 71.00 OK
r-oldrel-windows-x86_64 0.4.1 64.00 91.00 155.00 OK

Check Details

Version: 0.4.1
Check: CRAN incoming feasibility
Result: NOTE Maintainer: ‘Os Keyes <ironholds@gmail.com>’ No Authors@R field in DESCRIPTION. Please add one, modifying Authors@R: c(person(given = "Os", family = "Keyes", role = c("aut", "cre"), email = "ironholds@gmail.com"), person(given = "Drew", family = "Schmidt", role = "aut"), person(given = "Yuuki", family = "Takano", role = "cph")) as necessary. Flavors: r-devel-linux-x86_64-debian-clang, r-devel-linux-x86_64-debian-gcc

mirror server hosted at Truenetwork, Russian Federation.