Last updated on 2025-11-24 11:50:22 CET.
| Flavor | Version | Tinstall | Tcheck | Ttotal | Status | Flags |
|---|---|---|---|---|---|---|
| r-devel-linux-x86_64-debian-clang | 1.0-2 | 2.02 | 24.33 | 26.35 | NOTE | |
| r-devel-linux-x86_64-debian-gcc | 1.0-2 | 1.63 | 19.90 | 21.53 | NOTE | |
| r-devel-linux-x86_64-fedora-clang | 1.0-2 | 39.31 | OK | |||
| r-devel-linux-x86_64-fedora-gcc | 1.0-2 | 38.81 | OK | |||
| r-devel-windows-x86_64 | 1.0-2 | 6.00 | 42.00 | 48.00 | OK | |
| r-patched-linux-x86_64 | 1.0-2 | 2.16 | 22.82 | 24.98 | OK | |
| r-release-linux-x86_64 | 1.0-2 | 1.99 | 23.16 | 25.15 | OK | |
| r-release-macos-arm64 | 1.0-2 | OK | ||||
| r-release-macos-x86_64 | 1.0-2 | 2.00 | 25.00 | 27.00 | OK | |
| r-release-windows-x86_64 | 1.0-2 | 4.00 | 58.00 | 62.00 | OK | |
| r-oldrel-macos-arm64 | 1.0-2 | OK | ||||
| r-oldrel-macos-x86_64 | 1.0-2 | 2.00 | 21.00 | 23.00 | OK | |
| r-oldrel-windows-x86_64 | 1.0-2 | 4.00 | 45.00 | 49.00 | OK |
Version: 1.0-2
Check: CRAN incoming feasibility
Result: NOTE
Maintainer: ‘Frederick Novomestky <fnovomes@poly.edu>’
No Authors@R field in DESCRIPTION.
Please add one, modifying
Authors@R: c(person(given = "Frederick",
family = "Novomestky",
role = c("aut", "cre"),
email = "fn334@nyu.edu"),
person(given = "Saralees",
family = "Nadarajah",
role = "aut",
email = "saralees.nadarajah@manchester.ac.uk"))
as necessary.
Flavors: r-devel-linux-x86_64-debian-clang, r-devel-linux-x86_64-debian-gcc