Last updated on 2024-06-27 00:56:18 CEST.
Flavor | Version | Tinstall | Tcheck | Ttotal | Status | Flags |
---|---|---|---|---|---|---|
r-devel-linux-x86_64-debian-clang | 0.0.3 | NOTE | ||||
r-devel-linux-x86_64-debian-gcc | 0.0.3 | 142.51 | 376.84 | 519.35 | NOTE | |
r-devel-linux-x86_64-fedora-clang | 0.0.3 | 1528.17 | NOTE | |||
r-devel-linux-x86_64-fedora-gcc | 0.0.3 | 919.02 | NOTE | |||
r-devel-windows-x86_64 | 0.0.3 | 135.00 | 500.00 | 635.00 | NOTE | |
r-patched-linux-x86_64 | 0.0.3 | 0.01 | 2.26 | 2.27 | ERROR | |
r-release-linux-x86_64 | 0.0.3 | 135.01 | 505.51 | 640.52 | NOTE | |
r-release-macos-arm64 | 0.0.3 | 203.00 | NOTE | |||
r-release-macos-x86_64 | 0.0.3 | 385.00 | NOTE | |||
r-release-windows-x86_64 | 0.0.3 | 131.00 | 452.00 | 583.00 | NOTE | |
r-oldrel-macos-arm64 | 0.0.3 | 205.00 | NOTE | |||
r-oldrel-macos-x86_64 | 0.0.3 | 465.00 | NOTE | |||
r-oldrel-windows-x86_64 | 0.0.3 | 174.00 | 528.00 | 702.00 | NOTE |
Version: 0.0.3
Check: for GNU extensions in Makefiles
Result: NOTE
GNU make is a SystemRequirements.
Flavors: r-devel-linux-x86_64-debian-clang, r-devel-linux-x86_64-debian-gcc, r-devel-linux-x86_64-fedora-clang, r-devel-linux-x86_64-fedora-gcc, r-devel-windows-x86_64, r-release-linux-x86_64, r-release-macos-arm64, r-release-macos-x86_64, r-release-windows-x86_64, r-oldrel-macos-arm64, r-oldrel-macos-x86_64, r-oldrel-windows-x86_64
Version: 0.0.3
Check: whether package can be installed
Result: ERROR
Installation failed.
Flavor: r-patched-linux-x86_64
Version: 0.0.3
Check: installed package size
Result: NOTE
installed size is 40.7Mb
sub-directories of 1Mb or more:
libs 40.5Mb
Flavors: r-release-macos-arm64, r-release-macos-x86_64, r-oldrel-macos-arm64, r-oldrel-macos-x86_64