Last updated on 2024-06-26 18:58:54 CEST.
Flavor | Version | Tinstall | Tcheck | Ttotal | Status | Flags |
---|---|---|---|---|---|---|
r-devel-linux-x86_64-debian-clang | 0.4.1 | NOTE | ||||
r-devel-linux-x86_64-debian-gcc | 0.4.1 | 5.76 | 141.35 | 147.11 | OK | |
r-devel-linux-x86_64-fedora-clang | 0.4.1 | 259.35 | OK | |||
r-devel-linux-x86_64-fedora-gcc | 0.4.1 | 201.33 | OK | |||
r-devel-windows-x86_64 | 0.4.1 | 7.00 | 108.00 | 115.00 | OK | |
r-patched-linux-x86_64 | 0.4.1 | 7.84 | 181.88 | 189.72 | OK | |
r-release-linux-x86_64 | 0.4.1 | 6.88 | 176.80 | 183.68 | OK | |
r-release-macos-arm64 | 0.4.1 | 48.00 | OK | |||
r-release-macos-x86_64 | 0.4.1 | 76.00 | OK | |||
r-release-windows-x86_64 | 0.4.1 | 7.00 | 110.00 | 117.00 | OK | |
r-oldrel-macos-arm64 | 0.4.1 | 52.00 | OK | |||
r-oldrel-macos-x86_64 | 0.4.1 | 158.00 | OK | |||
r-oldrel-windows-x86_64 | 0.4.1 | 9.00 | 129.00 | 138.00 | OK |
Version: 0.4.1
Check: dependencies in R code
Result: NOTE
Fortran STOP
IEEE arithmetic exceptions signaled: INEXACT
Flavor: r-devel-linux-x86_64-debian-clang