Last updated on 2025-11-02 05:49:56 CET.
| Flavor | Version | Tinstall | Tcheck | Ttotal | Status | Flags |
|---|---|---|---|---|---|---|
| r-devel-linux-x86_64-debian-clang | 0.10-58 | 7.99 | 48.58 | 56.57 | OK | |
| r-devel-linux-x86_64-debian-gcc | 0.10-58 | 6.65 | 36.60 | 43.25 | OK | |
| r-devel-linux-x86_64-fedora-clang | 0.10-58 | 21.00 | 66.58 | 87.58 | NOTE | |
| r-devel-linux-x86_64-fedora-gcc | 0.10-58 | 26.00 | 60.03 | 86.03 | NOTE | |
| r-devel-windows-x86_64 | 0.10-58 | 15.00 | 75.00 | 90.00 | OK | |
| r-patched-linux-x86_64 | 0.10-58 | 8.47 | 46.89 | 55.36 | OK | |
| r-release-linux-x86_64 | 0.10-58 | 8.04 | 46.47 | 54.51 | OK | |
| r-release-macos-arm64 | 0.10-58 | 7.00 | 31.00 | 38.00 | OK | |
| r-release-macos-x86_64 | 0.10-58 | 10.00 | 52.00 | 62.00 | OK | |
| r-release-windows-x86_64 | 0.10-58 | 15.00 | 81.00 | 96.00 | OK | |
| r-oldrel-macos-arm64 | 0.10-58 | 6.00 | 28.00 | 34.00 | OK | |
| r-oldrel-macos-x86_64 | 0.10-58 | 7.00 | 42.00 | 49.00 | OK | |
| r-oldrel-windows-x86_64 | 0.10-58 | 18.00 | 89.00 | 107.00 | OK |
Version: 0.10-58
Check: dependencies in R code
Result: NOTE
Namespace in Imports field not imported from: ‘jsonlite’
All declared Imports should be used.
Flavors: r-devel-linux-x86_64-fedora-clang, r-devel-linux-x86_64-fedora-gcc