Last updated on 2025-07-10 06:50:34 CEST.
Flavor | Version | Tinstall | Tcheck | Ttotal | Status | Flags |
---|---|---|---|---|---|---|
r-devel-linux-x86_64-debian-clang | 0.10-58 | 9.84 | 46.94 | 56.78 | OK | |
r-devel-linux-x86_64-debian-gcc | 0.10-58 | 6.45 | 35.60 | 42.05 | OK | |
r-devel-linux-x86_64-fedora-clang | 0.10-58 | 92.52 | NOTE | |||
r-devel-linux-x86_64-fedora-gcc | 0.10-58 | 84.39 | NOTE | |||
r-devel-windows-x86_64 | 0.10-58 | 15.00 | 85.00 | 100.00 | OK | |
r-patched-linux-x86_64 | 0.10-58 | 9.10 | 45.23 | 54.33 | OK | |
r-release-linux-x86_64 | 0.10-58 | 7.71 | 45.16 | 52.87 | OK | |
r-release-macos-arm64 | 0.10-58 | 38.00 | OK | |||
r-release-macos-x86_64 | 0.10-58 | 62.00 | OK | |||
r-release-windows-x86_64 | 0.10-58 | 15.00 | 79.00 | 94.00 | OK | |
r-oldrel-macos-arm64 | 0.10-58 | 34.00 | OK | |||
r-oldrel-macos-x86_64 | 0.10-58 | 49.00 | OK | |||
r-oldrel-windows-x86_64 | 0.10-58 | 19.00 | 88.00 | 107.00 | OK |
Version: 0.10-58
Check: dependencies in R code
Result: NOTE
Namespace in Imports field not imported from: ‘jsonlite’
All declared Imports should be used.
Flavors: r-devel-linux-x86_64-fedora-clang, r-devel-linux-x86_64-fedora-gcc