CRAN Package Check Results for Package tsnet

Last updated on 2025-05-19 06:49:58 CEST.

Flavor Version Tinstall Tcheck Ttotal Status Flags
r-devel-linux-x86_64-debian-clang 0.1.0 587.16 258.48 845.64 NOTE
r-devel-linux-x86_64-debian-gcc 0.1.0 487.15 212.08 699.23 NOTE
r-devel-linux-x86_64-fedora-clang 0.1.0 1238.43 NOTE
r-devel-linux-x86_64-fedora-gcc 0.1.0 1700.49 NOTE
r-devel-windows-x86_64 0.1.0 560.00 378.00 938.00 NOTE
r-patched-linux-x86_64 0.1.0 599.89 293.53 893.42 NOTE
r-release-linux-x86_64 0.1.0 611.41 295.62 907.03 NOTE
r-release-macos-arm64 0.1.0 295.00 NOTE
r-release-macos-x86_64 0.1.0 442.00 NOTE
r-release-windows-x86_64 0.1.0 541.00 373.00 914.00 NOTE
r-oldrel-macos-arm64 0.1.0 169.00 NOTE
r-oldrel-macos-x86_64 0.1.0 205.00 NOTE
r-oldrel-windows-x86_64 0.1.0 624.00 486.00 1110.00 NOTE

Check Details

Version: 0.1.0
Check: DESCRIPTION meta-information
Result: NOTE Missing dependency on R >= 4.1.0 because package code uses the pipe |> or function shorthand \(...) syntax added in R 4.1.0. File(s) using such syntax: ‘centrality.R’ ‘compare_gvar.R’ ‘posterior_plot.R’ Flavors: r-devel-linux-x86_64-debian-clang, r-devel-linux-x86_64-debian-gcc, r-devel-linux-x86_64-fedora-clang, r-devel-linux-x86_64-fedora-gcc, r-devel-windows-x86_64, r-patched-linux-x86_64, r-release-linux-x86_64, r-release-macos-arm64, r-release-macos-x86_64, r-release-windows-x86_64

Version: 0.1.0
Check: installed package size
Result: NOTE installed size is 108.7Mb sub-directories of 1Mb or more: libs 107.7Mb Flavors: r-oldrel-macos-arm64, r-oldrel-macos-x86_64, r-oldrel-windows-x86_64

Version: 0.1.0
Check: for GNU extensions in Makefiles
Result: NOTE GNU make is a SystemRequirements. Flavors: r-oldrel-macos-arm64, r-oldrel-macos-x86_64

mirror server hosted at Truenetwork, Russian Federation.