CRAN Package Check Results for Package tspmeta

Last updated on 2025-11-24 17:50:17 CET.

Flavor Version Tinstall Tcheck Ttotal Status Flags
r-devel-linux-x86_64-debian-clang 1.2 15.82 135.83 151.65 NOTE
r-devel-linux-x86_64-debian-gcc 1.2 11.80 95.99 107.79 NOTE
r-devel-linux-x86_64-fedora-clang 1.2 36.00 195.78 231.78 NOTE
r-devel-linux-x86_64-fedora-gcc 1.2 36.00 186.34 222.34 NOTE
r-devel-windows-x86_64 1.2 27.00 125.00 152.00 OK
r-patched-linux-x86_64 1.2 14.50 126.11 140.61 OK
r-release-linux-x86_64 1.2 16.68 126.16 142.84 OK
r-release-macos-arm64 1.2 OK
r-release-macos-x86_64 1.2 24.00 93.00 117.00 OK
r-release-windows-x86_64 1.2 21.00 132.00 153.00 OK
r-oldrel-macos-arm64 1.2 NOTE
r-oldrel-macos-x86_64 1.2 13.00 79.00 92.00 NOTE
r-oldrel-windows-x86_64 1.2 27.00 155.00 182.00 NOTE

Check Details

Version: 1.2
Check: CRAN incoming feasibility
Result: NOTE Maintainer: ‘Bernd Bischl <bernd_bischl@gmx.net>’ No Authors@R field in DESCRIPTION. Please add one, modifying Authors@R: c(person(given = "Bernd", family = "Bischl", role = c("aut", "cre"), email = "bernd_bischl@gmx.net"), person(given = "Jakob", family = "Bossek", role = "aut", email = "jakob.bossek@tu-dortmund.de"), person(given = "Olaf", family = "Mersmann", role = "aut", email = "olafm@p-value.net")) as necessary. Package CITATION file contains call(s) to old-style personList() or as.personList(). Please use c() on person objects instead. Package CITATION file contains call(s) to old-style citEntry(). Please use bibentry() instead. Flavors: r-devel-linux-x86_64-debian-clang, r-devel-linux-x86_64-debian-gcc

Version: 1.2
Check: compiled code
Result: NOTE File ‘tspmeta/libs/tspmeta.so’: Found no calls to: ‘R_registerRoutines’, ‘R_useDynamicSymbols’ It is good practice to register native routines and to disable symbol search. See ‘Writing portable packages’ in the ‘Writing R Extensions’ manual. Flavors: r-devel-linux-x86_64-fedora-clang, r-devel-linux-x86_64-fedora-gcc

Version: 1.2
Check: LazyData
Result: NOTE 'LazyData' is specified without a 'data' directory Flavors: r-oldrel-macos-arm64, r-oldrel-macos-x86_64, r-oldrel-windows-x86_64

mirror server hosted at Truenetwork, Russian Federation.