Last updated on 2025-05-25 12:48:37 CEST.
Flavor | Version | Tinstall | Tcheck | Ttotal | Status | Flags |
---|---|---|---|---|---|---|
r-devel-linux-x86_64-debian-clang | 1.0.1 | 13.26 | 136.76 | 150.02 | NOTE | |
r-devel-linux-x86_64-debian-gcc | 1.0.1 | 10.12 | 98.59 | 108.71 | NOTE | |
r-devel-linux-x86_64-fedora-clang | 1.0.1 | 231.27 | NOTE | |||
r-devel-linux-x86_64-fedora-gcc | 1.0.1 | 228.67 | NOTE | |||
r-devel-windows-x86_64 | 1.0.1 | 15.00 | 147.00 | 162.00 | NOTE | |
r-patched-linux-x86_64 | 1.0.1 | 10.74 | 128.63 | 139.37 | NOTE | |
r-release-linux-x86_64 | 1.0.1 | 12.06 | 130.08 | 142.14 | NOTE | |
r-release-macos-arm64 | 1.0.1 | 79.00 | NOTE | |||
r-release-macos-x86_64 | 1.0.1 | 133.00 | NOTE | |||
r-release-windows-x86_64 | 1.0.1 | 16.00 | 155.00 | 171.00 | NOTE | |
r-oldrel-macos-arm64 | 1.0.1 | 65.00 | OK | |||
r-oldrel-macos-x86_64 | 1.0.1 | 91.00 | OK | |||
r-oldrel-windows-x86_64 | 1.0.1 | 19.00 | 187.00 | 206.00 | OK |
Version: 1.0.1
Check: DESCRIPTION meta-information
Result: NOTE
Missing dependency on R >= 4.1.0 because package code uses the pipe
|> or function shorthand \(...) syntax added in R 4.1.0.
File(s) using such syntax:
‘berkowitz.R’ ‘dac.R’ ‘gmm.R’ ‘hongli.R’ ‘minzar.R’ ‘nyblom.R’
‘shortfall_de.R’ ‘signbias.R’ ‘var.R’ ‘var_cp.R’
Flavors: r-devel-linux-x86_64-debian-clang, r-devel-linux-x86_64-debian-gcc, r-devel-linux-x86_64-fedora-clang, r-devel-linux-x86_64-fedora-gcc, r-devel-windows-x86_64, r-patched-linux-x86_64, r-release-linux-x86_64, r-release-macos-arm64, r-release-macos-x86_64, r-release-windows-x86_64