Last updated on 2025-05-28 18:51:35 CEST.
Flavor | Version | Tinstall | Tcheck | Ttotal | Status | Flags |
---|---|---|---|---|---|---|
r-devel-linux-x86_64-debian-clang | 0.1.0 | 5.87 | 45.43 | 51.30 | OK | |
r-devel-linux-x86_64-debian-gcc | 0.1.0 | 4.42 | 34.26 | 38.68 | OK | |
r-devel-linux-x86_64-fedora-clang | 0.1.0 | 80.24 | OK | |||
r-devel-linux-x86_64-fedora-gcc | 0.1.0 | 77.24 | OK | |||
r-devel-windows-x86_64 | 0.1.0 | 5.00 | 0.00 | 5.00 | FAIL | |
r-patched-linux-x86_64 | 0.1.0 | 6.00 | 43.37 | 49.37 | OK | |
r-release-linux-x86_64 | 0.1.0 | 5.19 | 43.66 | 48.85 | OK | |
r-release-macos-arm64 | 0.1.0 | 30.00 | OK | |||
r-release-macos-x86_64 | 0.1.0 | 54.00 | OK | |||
r-release-windows-x86_64 | 0.1.0 | 6.00 | 74.00 | 80.00 | OK | |
r-oldrel-macos-arm64 | 0.1.0 | 27.00 | OK | |||
r-oldrel-macos-x86_64 | 0.1.0 | 42.00 | OK | |||
r-oldrel-windows-x86_64 | 0.1.0 | 9.00 | 81.00 | 90.00 | OK |
Version: 0.1.0
Check: PDF version of manual
Result: FAIL
Check process probably crashed or hung up for 20 minutes ... killed
Most likely this happened in the example checks (?),
if not, ignore the following last lines of example output:
Call: glm(formula = exp_tot ~ female + age + ed_colplus, family = Gamma(link = "log"),
data = meps)
Coefficients:
(Intercept) female1 age ed_colplus1
6.84729 0.20587 0.02798 -0.08391
Degrees of Freedom: 15945 Total (i.e. Null); 15942 Residual
Null Deviance: 37400
Residual Deviance: 33460 AIC: 292900
>
>
>
>
>
> ### * <FOOTER>
> ###
> cleanEx()
> options(digits = 7L)
> base::cat("Time elapsed: ", proc.time() - base::get("ptime", pos = 'CheckExEnv'),"\n")
Time elapsed: 13.78 3.14 16.96 NA NA
> grDevices::dev.off()
null device
1
> ###
> ### Local variables: ***
> ### mode: outline-minor ***
> ### outline-regexp: "\\(> \\)?### [*]+" ***
> ### End: ***
> quit('no')
======== End of example output (where/before crash/hang up occured ?) ========
Flavor: r-devel-windows-x86_64