CRAN Package Check Results for Package u5mr

Last updated on 2025-11-03 11:49:55 CET.

Flavor Version Tinstall Tcheck Ttotal Status Flags
r-devel-linux-x86_64-debian-clang 0.1.1 22.17 30.44 52.61 NOTE
r-devel-linux-x86_64-debian-gcc 0.1.1 12.84 23.82 36.66 NOTE
r-devel-linux-x86_64-fedora-clang 0.1.1 50.00 30.89 80.89 NOTE
r-devel-linux-x86_64-fedora-gcc 0.1.1 45.00 31.89 76.89 NOTE
r-devel-windows-x86_64 0.1.1 21.00 51.00 72.00 NOTE
r-patched-linux-x86_64 0.1.1 20.47 28.79 49.26 NOTE
r-release-linux-x86_64 0.1.1 21.60 28.14 49.74 NOTE
r-release-macos-arm64 0.1.1 13.00 22.00 35.00 NOTE
r-release-macos-x86_64 0.1.1 27.00 27.00 54.00 NOTE
r-release-windows-x86_64 0.1.1 21.00 70.00 91.00 NOTE
r-oldrel-macos-arm64 0.1.1 13.00 20.00 33.00 NOTE
r-oldrel-macos-x86_64 0.1.1 23.00 28.00 51.00 NOTE
r-oldrel-windows-x86_64 0.1.1 29.00 58.00 87.00 NOTE

Check Details

Version: 0.1.1
Check: package subdirectories
Result: NOTE Problems with news in ‘NEWS.md’: No news entries found. Flavors: r-devel-linux-x86_64-debian-clang, r-devel-linux-x86_64-debian-gcc, r-devel-linux-x86_64-fedora-clang, r-devel-linux-x86_64-fedora-gcc, r-devel-windows-x86_64, r-patched-linux-x86_64, r-release-linux-x86_64, r-release-macos-arm64, r-release-macos-x86_64, r-release-windows-x86_64, r-oldrel-macos-arm64, r-oldrel-macos-x86_64, r-oldrel-windows-x86_64

Version: 0.1.1
Check: Rd files
Result: NOTE checkRd: (-1) cambodia.Rd:47: Lost braces 47 | (\doi{10.1371/journal.pmed.1000253}{10.1371/journal.pmed.1000253}) | ^ checkRd: (-1) microdata.Rd:33: Lost braces 33 | (\doi{10.1371/journal.pmed.1000253}{10.1371/journal.pmed.1000253}) | ^ checkRd: (-1) u5mr_cohort.Rd:111: Lost braces 111 | (\doi{10.1371/journal.pmed.1000253}{10.1371/journal.pmed.1000253}) | ^ Flavors: r-devel-linux-x86_64-debian-clang, r-devel-linux-x86_64-debian-gcc, r-devel-linux-x86_64-fedora-clang, r-devel-linux-x86_64-fedora-gcc, r-devel-windows-x86_64, r-patched-linux-x86_64, r-release-linux-x86_64, r-release-macos-arm64, r-release-macos-x86_64, r-release-windows-x86_64, r-oldrel-macos-arm64, r-oldrel-macos-x86_64, r-oldrel-windows-x86_64

Version: 0.1.1
Check: dependencies in R code
Result: NOTE Namespace in Imports field not imported from: ‘lifecycle’ All declared Imports should be used. Flavors: r-devel-linux-x86_64-fedora-clang, r-devel-linux-x86_64-fedora-gcc

mirror server hosted at Truenetwork, Russian Federation.