Last updated on 2025-11-22 05:48:52 CET.
| Flavor | Version | Tinstall | Tcheck | Ttotal | Status | Flags |
|---|---|---|---|---|---|---|
| r-devel-linux-x86_64-debian-clang | 1.1.1 | 40.70 | 287.77 | 328.47 | OK | |
| r-devel-linux-x86_64-debian-gcc | 1.1.1 | 31.07 | 227.30 | 258.37 | OK | |
| r-devel-linux-x86_64-fedora-clang | 1.1.1 | 89.00 | 422.42 | 511.42 | OK | |
| r-devel-linux-x86_64-fedora-gcc | 1.1.1 | 79.00 | 310.49 | 389.49 | OK | |
| r-devel-windows-x86_64 | 1.1.1 | 43.00 | 285.00 | 328.00 | OK | |
| r-patched-linux-x86_64 | 1.1.1 | 41.21 | 281.66 | 322.87 | OK | |
| r-release-linux-x86_64 | 1.1.1 | 37.99 | 290.41 | 328.40 | OK | |
| r-release-macos-arm64 | 1.1.1 | OK | ||||
| r-release-macos-x86_64 | 1.1.1 | 60.00 | 260.00 | 320.00 | OK | |
| r-release-windows-x86_64 | 1.1.1 | 41.00 | 247.00 | 288.00 | OK | |
| r-oldrel-macos-arm64 | 1.1.1 | OK | ||||
| r-oldrel-macos-x86_64 | 1.1.1 | 53.00 | 276.00 | 329.00 | OK | |
| r-oldrel-windows-x86_64 | 1.1.1 | 59.00 | 333.00 | 392.00 | ERROR |
Version: 1.1.1
Check: re-building of vignette outputs
Result: ERROR
Error(s) in re-building vignettes:
--- re-building 'neun_euro_ticket_demonstrator.Rmd' using rmarkdown
--- finished re-building 'neun_euro_ticket_demonstrator.Rmd'
--- re-building 'user_sample_1.Rmd' using rmarkdown
File figure/plot_counter_1-1.png not found in resource path
Error: processing vignette 'user_sample_1.Rmd' failed with diagnostics:
pandoc document conversion failed with error 99
--- failed re-building 'user_sample_1.Rmd'
--- re-building 'user_sample_2.Rmd' using rmarkdown
--- finished re-building 'user_sample_2.Rmd'
--- re-building 'user_sample_3.Rmd' using rmarkdown
File figure/bias_plot-1.png not found in resource path
Error: processing vignette 'user_sample_3.Rmd' failed with diagnostics:
pandoc document conversion failed with error 99
--- failed re-building 'user_sample_3.Rmd'
SUMMARY: processing the following files failed:
'user_sample_1.Rmd' 'user_sample_3.Rmd'
Error: Vignette re-building failed.
Execution halted
Flavor: r-oldrel-windows-x86_64