Last updated on 2025-11-03 11:49:56 CET.
| Flavor | Version | Tinstall | Tcheck | Ttotal | Status | Flags |
|---|---|---|---|---|---|---|
| r-devel-linux-x86_64-debian-clang | 1.0.2 | 7.10 | 78.35 | 85.45 | NOTE | |
| r-devel-linux-x86_64-debian-gcc | 1.0.2 | 6.08 | 70.82 | 76.90 | NOTE | |
| r-devel-linux-x86_64-fedora-clang | 1.0.2 | 18.00 | 116.30 | 134.30 | OK | |
| r-devel-linux-x86_64-fedora-gcc | 1.0.2 | 15.00 | 114.19 | 129.19 | OK | |
| r-devel-windows-x86_64 | 1.0.2 | 10.00 | 396.00 | 406.00 | OK | |
| r-patched-linux-x86_64 | 1.0.2 | 5.13 | 73.31 | 78.44 | OK | |
| r-release-linux-x86_64 | 1.0.2 | 5.44 | 69.64 | 75.08 | OK | |
| r-release-macos-arm64 | 1.0.2 | 3.00 | 46.00 | 49.00 | OK | |
| r-release-macos-x86_64 | 1.0.2 | 6.00 | 63.00 | 69.00 | OK | |
| r-release-windows-x86_64 | 1.0.2 | 8.00 | 114.00 | 122.00 | OK | |
| r-oldrel-macos-arm64 | 1.0.2 | 3.00 | 47.00 | 50.00 | OK | |
| r-oldrel-macos-x86_64 | 1.0.2 | 6.00 | 65.00 | 71.00 | OK | |
| r-oldrel-windows-x86_64 | 1.0.2 | 10.00 | 95.00 | 105.00 | OK |
Version: 1.0.2
Check: CRAN incoming feasibility
Result: NOTE
Maintainer: ‘Mikaela Koutrouli <mikaela.koutrouli@cpr.ku.dk>’
Package CITATION file contains call(s) to old-style personList() or
as.personList(). Please use c() on person objects instead.
Package CITATION file contains call(s) to old-style citEntry(). Please
use bibentry() instead.
Flavors: r-devel-linux-x86_64-debian-clang, r-devel-linux-x86_64-debian-gcc