CRAN Package Check Results for Package ui

Last updated on 2025-11-22 05:48:52 CET.

Flavor Version Tinstall Tcheck Ttotal Status Flags
r-devel-linux-x86_64-debian-clang 0.1.1 7.30 69.99 77.29 NOTE
r-devel-linux-x86_64-debian-gcc 0.1.1 5.77 51.33 57.10 NOTE
r-devel-linux-x86_64-fedora-clang 0.1.1 18.00 102.62 120.62 OK
r-devel-linux-x86_64-fedora-gcc 0.1.1 19.00 95.28 114.28 OK
r-devel-windows-x86_64 0.1.1 10.00 76.00 86.00 OK
r-patched-linux-x86_64 0.1.1 7.83 65.99 73.82 OK
r-release-linux-x86_64 0.1.1 8.48 64.97 73.45 OK
r-release-macos-arm64 0.1.1 OK
r-release-macos-x86_64 0.1.1 7.00 41.00 48.00 OK
r-release-windows-x86_64 0.1.1 11.00 75.00 86.00 OK
r-oldrel-macos-arm64 0.1.1 NOTE
r-oldrel-macos-x86_64 0.1.1 6.00 47.00 53.00 NOTE
r-oldrel-windows-x86_64 0.1.1 12.00 96.00 108.00 NOTE

Check Details

Version: 0.1.1
Check: CRAN incoming feasibility
Result: NOTE Maintainer: ‘Minna Genbaeck <minna.genback@umu.se>’ No Authors@R field in DESCRIPTION. Please add one, modifying Authors@R: c(person(given = "Minna", family = "Genbaeck,", role = c("aut", "cre")), person(given = "Minna", family = "Genbaeck", role = "cre", email = "minna.genback@umu.se")) as necessary. Flavors: r-devel-linux-x86_64-debian-clang, r-devel-linux-x86_64-debian-gcc

Version: 0.1.1
Check: LazyData
Result: NOTE 'LazyData' is specified without a 'data' directory Flavors: r-oldrel-macos-arm64, r-oldrel-macos-x86_64, r-oldrel-windows-x86_64

mirror server hosted at Truenetwork, Russian Federation.