Last updated on 2025-07-12 12:48:45 CEST.
Flavor | Version | Tinstall | Tcheck | Ttotal | Status | Flags |
---|---|---|---|---|---|---|
r-devel-linux-x86_64-debian-clang | 1.0 | 1.41 | 19.39 | 20.80 | NOTE | |
r-devel-linux-x86_64-debian-gcc | 1.0 | 1.42 | 16.28 | 17.70 | NOTE | |
r-devel-linux-x86_64-fedora-clang | 1.0 | 32.77 | OK | |||
r-devel-linux-x86_64-fedora-gcc | 1.0 | 31.05 | OK | |||
r-devel-windows-x86_64 | 1.0 | 4.00 | 42.00 | 46.00 | OK | |
r-patched-linux-x86_64 | 1.0 | 1.87 | 18.27 | 20.14 | OK | |
r-release-linux-x86_64 | 1.0 | 1.81 | 17.99 | 19.80 | OK | |
r-release-macos-arm64 | 1.0 | 31.00 | OK | |||
r-release-macos-x86_64 | 1.0 | 37.00 | OK | |||
r-release-windows-x86_64 | 1.0 | 4.00 | 44.00 | 48.00 | OK | |
r-oldrel-macos-arm64 | 1.0 | 26.00 | OK | |||
r-oldrel-macos-x86_64 | 1.0 | 31.00 | OK | |||
r-oldrel-windows-x86_64 | 1.0 | 4.00 | 44.00 | 48.00 | OK |
Version: 1.0
Check: CRAN incoming feasibility
Result: NOTE
Maintainer: ‘Linus Seelinger <mail@linusseelinger.de>’
The BugReports field in DESCRIPTION has
https://github.com/um-bridge
which should likely be
https://github.com/um-bridge/issues
instead.
Flavors: r-devel-linux-x86_64-debian-clang, r-devel-linux-x86_64-debian-gcc