Last updated on 2025-11-04 05:51:29 CET.
| Flavor | Version | Tinstall | Tcheck | Ttotal | Status | Flags | 
|---|---|---|---|---|---|---|
| r-devel-linux-x86_64-debian-clang | 2.1 | 1.78 | 22.23 | 24.01 | NOTE | |
| r-devel-linux-x86_64-debian-gcc | 2.1 | 1.55 | 17.62 | 19.17 | NOTE | |
| r-devel-linux-x86_64-fedora-clang | 2.1 | 35.05 | OK | |||
| r-devel-linux-x86_64-fedora-gcc | 2.1 | 34.02 | OK | |||
| r-devel-windows-x86_64 | 2.1 | 3.00 | 39.00 | 42.00 | OK | |
| r-patched-linux-x86_64 | 2.1 | 2.34 | 21.12 | 23.46 | OK | |
| r-release-linux-x86_64 | 2.1 | 1.92 | 20.91 | 22.83 | OK | |
| r-release-macos-arm64 | 2.1 | 1.00 | 14.00 | 15.00 | OK | |
| r-release-macos-x86_64 | 2.1 | 3.00 | 27.00 | 30.00 | OK | |
| r-release-windows-x86_64 | 2.1 | 4.00 | 38.00 | 42.00 | OK | |
| r-oldrel-macos-arm64 | 2.1 | 1.00 | 13.00 | 14.00 | OK | |
| r-oldrel-macos-x86_64 | 2.1 | 2.00 | 18.00 | 20.00 | OK | |
| r-oldrel-windows-x86_64 | 2.1 | 3.00 | 39.00 | 42.00 | OK | 
Version: 2.1
Check: CRAN incoming feasibility
Result: NOTE
  Maintainer: ‘Piotr Fryzlewicz <p.fryzlewicz@lse.ac.uk>’
  
  No Authors@R field in DESCRIPTION.
  Please add one, modifying
    Authors@R: person(given = "Piotr",
                      family = "Fryzlewicz",
                      role = c("aut", "cre"),
                      email = "p.fryzlewicz@lse.ac.uk")
  as necessary.
Flavors: r-devel-linux-x86_64-debian-clang, r-devel-linux-x86_64-debian-gcc