CRAN Package Check Results for Package unitedR

Last updated on 2025-05-29 18:50:37 CEST.

Flavor Version Tinstall Tcheck Ttotal Status Flags
r-devel-linux-x86_64-debian-clang 0.4 4.15 35.13 39.28 NOTE
r-devel-linux-x86_64-debian-gcc 0.4 3.42 26.57 29.99 NOTE
r-devel-linux-x86_64-fedora-clang 0.4 69.58 NOTE
r-devel-linux-x86_64-fedora-gcc 0.4 75.17 NOTE
r-devel-windows-x86_64 0.4 6.00 61.00 67.00 NOTE
r-patched-linux-x86_64 0.4 5.03 33.85 38.88 NOTE
r-release-linux-x86_64 0.4 3.86 33.81 37.67 NOTE
r-release-macos-arm64 0.4 30.00 NOTE
r-release-macos-x86_64 0.4 58.00 NOTE
r-release-windows-x86_64 0.4 5.00 71.00 76.00 NOTE
r-oldrel-macos-arm64 0.4 28.00 NOTE
r-oldrel-macos-x86_64 0.4 62.00 NOTE
r-oldrel-windows-x86_64 0.4 7.00 69.00 76.00 NOTE

Check Details

Version: 0.4
Check: Rd files
Result: NOTE checkRd: (-1) simRedCard.Rd:22: Lost braces in \itemize; \value handles \item{}{} directly checkRd: (-1) simRedCard.Rd:23: Lost braces in \itemize; \value handles \item{}{} directly Flavors: r-devel-linux-x86_64-debian-clang, r-devel-linux-x86_64-debian-gcc, r-devel-linux-x86_64-fedora-clang, r-devel-linux-x86_64-fedora-gcc, r-devel-windows-x86_64, r-patched-linux-x86_64, r-release-linux-x86_64, r-release-macos-arm64, r-release-macos-x86_64, r-release-windows-x86_64, r-oldrel-macos-arm64, r-oldrel-macos-x86_64, r-oldrel-windows-x86_64

Version: 0.4
Check: LazyData
Result: NOTE 'LazyData' is specified without a 'data' directory Flavors: r-oldrel-macos-arm64, r-oldrel-macos-x86_64, r-oldrel-windows-x86_64

mirror server hosted at Truenetwork, Russian Federation.