CRAN Package Check Results for Package unjoin

Last updated on 2025-11-03 05:50:59 CET.

Flavor Version Tinstall Tcheck Ttotal Status Flags
r-devel-linux-x86_64-debian-clang 0.1.0 3.59 35.45 39.04 OK
r-devel-linux-x86_64-debian-gcc 0.1.0 2.40 27.25 29.65 OK
r-devel-linux-x86_64-fedora-clang 0.1.0 57.21 OK
r-devel-linux-x86_64-fedora-gcc 0.1.0 54.65 OK
r-devel-windows-x86_64 0.1.0 6.00 51.00 57.00 OK
r-patched-linux-x86_64 0.1.0 3.56 32.34 35.90 OK
r-release-linux-x86_64 0.1.0 3.23 32.30 35.53 OK
r-release-macos-arm64 0.1.0 2.00 21.00 23.00 OK
r-release-macos-x86_64 0.1.0 3.00 30.00 33.00 OK
r-release-windows-x86_64 0.1.0 6.00 48.00 54.00 OK
r-oldrel-macos-arm64 0.1.0 2.00 19.00 21.00 NOTE
r-oldrel-macos-x86_64 0.1.0 2.00 29.00 31.00 NOTE
r-oldrel-windows-x86_64 0.1.0 7.00 59.00 66.00 NOTE

Check Details

Version: 0.1.0
Check: LazyData
Result: NOTE 'LazyData' is specified without a 'data' directory Flavors: r-oldrel-macos-arm64, r-oldrel-macos-x86_64, r-oldrel-windows-x86_64

mirror server hosted at Truenetwork, Russian Federation.