CRAN Package Check Results for Package usdata

Last updated on 2025-05-21 01:49:43 CEST.

Flavor Version Tinstall Tcheck Ttotal Status Flags
r-devel-linux-x86_64-debian-clang 0.3.1 5.26 48.52 53.78 NOTE
r-devel-linux-x86_64-debian-gcc 0.3.1 3.50 35.34 38.84 NOTE
r-devel-linux-x86_64-fedora-clang 0.3.1 80.18 NOTE
r-devel-linux-x86_64-fedora-gcc 0.3.1 75.50 NOTE
r-devel-windows-x86_64 0.3.1 9.00 83.00 92.00 NOTE
r-patched-linux-x86_64 0.3.1 5.68 45.39 51.07 NOTE
r-release-linux-x86_64 0.3.1 4.36 45.59 49.95 NOTE
r-release-macos-arm64 0.3.1 32.00 NOTE
r-release-macos-x86_64 0.3.1 57.00 NOTE
r-release-windows-x86_64 0.3.1 7.00 72.00 79.00 NOTE
r-oldrel-macos-arm64 0.3.1 26.00 OK
r-oldrel-macos-x86_64 0.3.1 52.00 OK
r-oldrel-windows-x86_64 0.3.1 10.00 87.00 97.00 OK

Check Details

Version: 0.3.1
Check: DESCRIPTION meta-information
Result: NOTE Missing dependency on R >= 4.1.0 because package code uses the pipe |> or function shorthand \(...) syntax added in R 4.1.0. File(s) using such syntax: ‘county_complete.Rd’ ‘fatal_police_shootings.Rd’ ‘gerrymander.Rd’ ‘pierce_county_house_sales.Rd’ ‘pop_age_2019.Rd’ ‘pop_race_2019.Rd’ ‘state_stats.Rd’ ‘us_temp.Rd’ Flavors: r-devel-linux-x86_64-debian-clang, r-devel-linux-x86_64-debian-gcc, r-devel-linux-x86_64-fedora-clang, r-devel-linux-x86_64-fedora-gcc, r-devel-windows-x86_64, r-patched-linux-x86_64, r-release-linux-x86_64, r-release-macos-arm64, r-release-macos-x86_64, r-release-windows-x86_64

mirror server hosted at Truenetwork, Russian Federation.