Last updated on 2025-11-02 23:49:55 CET.
| Flavor | Version | Tinstall | Tcheck | Ttotal | Status | Flags |
|---|---|---|---|---|---|---|
| r-devel-linux-x86_64-debian-clang | 0.2.3 | 7.78 | 102.74 | 110.52 | NOTE | |
| r-devel-linux-x86_64-debian-gcc | 0.2.3 | 5.24 | 67.90 | 73.14 | NOTE | |
| r-devel-linux-x86_64-fedora-clang | 0.2.3 | 20.00 | 150.51 | 170.51 | OK | |
| r-devel-linux-x86_64-fedora-gcc | 0.2.3 | 16.00 | 158.10 | 174.10 | OK | |
| r-devel-windows-x86_64 | 0.2.3 | 9.00 | 104.00 | 113.00 | OK | |
| r-patched-linux-x86_64 | 0.2.3 | 8.51 | 96.47 | 104.98 | OK | |
| r-release-linux-x86_64 | 0.2.3 | 8.29 | 93.01 | 101.30 | OK | |
| r-release-macos-arm64 | 0.2.3 | 3.00 | 40.00 | 43.00 | OK | |
| r-release-macos-x86_64 | 0.2.3 | 6.00 | 81.00 | 87.00 | OK | |
| r-release-windows-x86_64 | 0.2.3 | 9.00 | 104.00 | 113.00 | OK | |
| r-oldrel-macos-arm64 | 0.2.3 | 3.00 | 38.00 | 41.00 | OK | |
| r-oldrel-macos-x86_64 | 0.2.3 | 4.00 | 60.00 | 64.00 | OK | |
| r-oldrel-windows-x86_64 | 0.2.3 | 16.00 | 135.00 | 151.00 | OK |
Version: 0.2.3
Check: CRAN incoming feasibility
Result: NOTE
Maintainer: ‘Sinead E. Morris <sinead.morris@columbia.edu>’
Package CITATION file contains call(s) to old-style citEntry(). Please
use bibentry() instead.
Flavors: r-devel-linux-x86_64-debian-clang, r-devel-linux-x86_64-debian-gcc