Last updated on 2025-11-04 05:51:29 CET.
| Flavor | Version | Tinstall | Tcheck | Ttotal | Status | Flags | 
|---|---|---|---|---|---|---|
| r-devel-linux-x86_64-debian-clang | 0.1.0 | 15.71 | 122.63 | 138.34 | NOTE | |
| r-devel-linux-x86_64-debian-gcc | 0.1.0 | 10.92 | 85.35 | 96.27 | NOTE | |
| r-devel-linux-x86_64-fedora-clang | 0.1.0 | 32.00 | 179.67 | 211.67 | OK | |
| r-devel-linux-x86_64-fedora-gcc | 0.1.0 | 35.00 | 167.66 | 202.66 | OK | |
| r-devel-windows-x86_64 | 0.1.0 | 18.00 | 113.00 | 131.00 | OK | |
| r-patched-linux-x86_64 | 0.1.0 | 16.62 | 112.60 | 129.22 | OK | |
| r-release-linux-x86_64 | 0.1.0 | 15.92 | 113.89 | 129.81 | OK | |
| r-release-macos-arm64 | 0.1.0 | 6.00 | 48.00 | 54.00 | OK | |
| r-release-macos-x86_64 | 0.1.0 | 13.00 | 102.00 | 115.00 | OK | |
| r-release-windows-x86_64 | 0.1.0 | 16.00 | 113.00 | 129.00 | OK | |
| r-oldrel-macos-arm64 | 0.1.0 | 6.00 | 42.00 | 48.00 | NOTE | |
| r-oldrel-macos-x86_64 | 0.1.0 | 13.00 | 73.00 | 86.00 | NOTE | |
| r-oldrel-windows-x86_64 | 0.1.0 | 22.00 | 153.00 | 175.00 | NOTE | 
Version: 0.1.0
Check: CRAN incoming feasibility
Result: NOTE
  Maintainer: ‘Sayanti Guha Majumdar <sayanti23gm@gmail.com>’
  
  No Authors@R field in DESCRIPTION.
  Please add one, modifying
    Authors@R: c(person(given = c("Sayanti", "Guha"),
                        family = "Majumdar",
                        role = c("aut", "cre"),
                        email = "sayanti23gm@gmail.com"),
                 person(given = "Anil",
                        family = "Rai",
                        role = "aut"),
                 person(given = c("Dwijesh", "Chandra"),
                        family = "Mishra",
                        role = "aut"))
  as necessary.
Flavors: r-devel-linux-x86_64-debian-clang, r-devel-linux-x86_64-debian-gcc
Version: 0.1.0
Check: LazyData
Result: NOTE
    'LazyData' is specified without a 'data' directory
Flavors: r-oldrel-macos-arm64, r-oldrel-macos-x86_64, r-oldrel-windows-x86_64